{"id":4009,"date":"2024-10-10T16:26:37","date_gmt":"2024-10-10T16:26:37","guid":{"rendered":"https:\/\/www.mojeplazma.cz\/farmacie\/?post_type=product&#038;p=4009"},"modified":"2024-11-13T10:21:04","modified_gmt":"2024-11-13T10:21:04","slug":"cystonette","status":"publish","type":"product","link":"https:\/\/www.mojeplazma.cz\/farmacie\/farmacie\/cystonette\/","title":{"rendered":"Cystonette"},"content":{"rendered":"\n<h2 class=\"wp-block-heading\">Co je p\u0159\u00edpravek Cystonette a jak funguje?<\/h2>\n\n\n\n<p>Cystonette je inovativn\u00ed <b>dopln\u011bk stravy<\/b> ur\u010den\u00fd k podpo\u0159e zdrav\u00ed mo\u010dov\u00fdch cest. Jeho <em>\u00fa\u010dinek<\/em> je zalo\u017een na p\u0159\u00edrodn\u00edch slo\u017ek\u00e1ch, kter\u00e9 byly pe\u010dliv\u011b vybr\u00e1ny tak, aby \u00fa\u010dinn\u011b podporovaly organismus v boji proti z\u00e1n\u011btu mo\u010dov\u00e9ho m\u011bch\u00fd\u0159e. P\u0159\u00edpravek p\u016fsob\u00ed protiz\u00e1n\u011btliv\u011b a odstra\u0148uje p\u0159\u00edznaky spojen\u00e9 s onemocn\u011bn\u00edm mo\u010dov\u00fdch cest.<\/p>\n\n\n\n<p>Slo\u017een\u00ed p\u0159\u00edpravku Cystonette zahrnuje p\u0159\u00edrodn\u00ed slo\u017eky, jako nap\u0159:<\/p>\n\n\n\n<ul class=\"wp-block-list\">\n<li><em>Extrakt z list\u016f buchvy<\/em> &#8211; zdroj bioflavonoid\u016f a vitamin\u016f, kter\u00e9 podporuj\u00ed protiz\u00e1n\u011btliv\u00e9 procesy.<\/li>\n\n\n\n<li><em>D-man\u00f3za<\/em> &#8211; stabilizuje mikrofl\u00f3ru mo\u010dov\u00fdch cest a odstra\u0148uje \u0161kodliv\u00e9 mikroorganismy.<\/li>\n\n\n\n<li><em>Kypr &#8211; extrakt z cel\u00e9 rostliny<\/em> &#8211; obsahuje t\u0159\u00edsloviny, kter\u00e9 v\u00e1\u017eou bakterie a urychluj\u00ed regeneraci tk\u00e1n\u00ed.<\/li>\n\n\n\n<li><em>Brusinka<\/em> &#8211; zklid\u0148uje z\u00e1n\u011btliv\u00e9 reakce t\u00edm, \u017ee poskytuje antioxidanty, co\u017e zvy\u0161uje antimikrobi\u00e1ln\u00ed <b>\u00fa\u010dinek<\/b>.<\/li>\n\n\n\n<li><em>Echinacea<\/em> &#8211; stimuluje produkci interferonu, kter\u00fd posiluje imunitn\u00ed syst\u00e9m.<\/li>\n\n\n\n<li><em>Horal<\/em> &#8211; ni\u010div\u011b p\u016fsob\u00ed na patogeny, \u010d\u00edm\u017e eliminuje podr\u00e1\u017ed\u011bn\u00ed tk\u00e1n\u00ed.<\/li>\n<\/ul>\n\n\n\n<p>D\u00edky sv\u00fdm vlastnostem Cystonette \u00fa\u010dinn\u011b zm\u00edr\u0148uje bolest a zabra\u0148uje opakov\u00e1n\u00ed infekc\u00ed. Pravideln\u00e9 <b>u\u017e\u00edv\u00e1n\u00ed<\/b> p\u0159\u00edpravku p\u0159isp\u00edv\u00e1 ke zlep\u0161en\u00ed funkce mo\u010dov\u00fdch cest, co\u017e je pro osoby pot\u00fdkaj\u00edc\u00ed se s probl\u00e9my se z\u00e1n\u011btem mo\u010dov\u00e9ho m\u011bch\u00fd\u0159e z\u00e1sadn\u00ed.<\/p>\n\n\n\n<p>Stoj\u00ed za zm\u00ednku, \u017ee p\u0159\u00edpravek nem\u00e1 \u017e\u00e1dn\u00e9 vedlej\u0161\u00ed \u00fa\u010dinky ani kontraindikace, av\u0161ak lid\u00e9 alergi\u010dt\u00ed na jeho slo\u017eky, t\u011bhotn\u00e9 \u017eeny a koj\u00edc\u00ed matky by m\u011bli db\u00e1t zv\u00fd\u0161en\u00e9 opatrnosti. D\u00edky jedine\u010dn\u00e9mu slo\u017een\u00ed slo\u017eek poskytuje Cystonette podporu p\u0159i snaze o zdrav\u00ed mo\u010dov\u00fdch cest.<\/p>\n\n\n\n<h2 class=\"wp-block-heading\">\u00da\u010dinky p\u0159\u00edpravku Cystonette<\/h2>\n\n\n\n<p>Cystonette je <b>dopln\u011bk stravy<\/b>, kter\u00fd si z\u00edsk\u00e1v\u00e1 uzn\u00e1n\u00ed mezi lidmi, kte\u0159\u00ed se pot\u00fdkaj\u00ed se zdravotn\u00edmi probl\u00e9my mo\u010dov\u00fdch cest. U\u017eivatel\u00e9 \u010dasto uv\u00e1d\u011bj\u00ed pozitivn\u00ed <b>\u00fa\u010dinky<\/b> u\u017e\u00edv\u00e1n\u00ed tohoto p\u0159\u00edpravku, co\u017e p\u0159isp\u00edv\u00e1 k jeho rostouc\u00ed popularit\u011b. Mezi hlavn\u00ed <b>v\u00fdhody p\u0159\u00edpravku<\/b> Cystonette pat\u0159\u00ed v\u00fdrazn\u00e1 \u00faleva od p\u0159\u00edznak\u016f z\u00e1n\u011btu mo\u010dov\u00e9ho m\u011bch\u00fd\u0159e, jako je bolest, p\u00e1len\u00ed a \u010dast\u00e9 mo\u010den\u00ed.<\/p>\n\n\n\n<p>Pravideln\u00e9 <b>u\u017e\u00edv\u00e1n\u00ed p\u0159\u00edpravku<\/b> Cystonette podporuje stabilizaci mikrofl\u00f3ry v mo\u010dov\u00fdch cest\u00e1ch. To je kl\u00ed\u010dov\u00fdm prvkem v prevenci opakovan\u00fdch infekc\u00ed, co\u017e z n\u011bj \u010din\u00ed cennou podporu pro osoby s chronick\u00fdmi probl\u00e9my mo\u010dov\u00fdch cest. D\u00edky p\u0159\u00edrodn\u00edm slo\u017ek\u00e1m, jako je extrakt z brusinek, m\u00e1 dopln\u011bk minim\u00e1ln\u00ed riziko ne\u017e\u00e1douc\u00edch \u00fa\u010dink\u016f.<\/p>\n\n\n\n<blockquote class=\"wp-block-quote is-layout-flow wp-block-quote-is-layout-flow\">\n<p>&#8222;Od t\u00e9 doby, co jsem za\u010dal u\u017e\u00edvat p\u0159\u00edpravek Cystonette, jsem zaznamenal v\u00fdrazn\u00e9 zlep\u0161en\u00ed. P\u0159\u00edznaky z\u00e1n\u011btu mo\u010dov\u00e9ho m\u011bch\u00fd\u0159e se staly mnohem m\u00e9n\u011b obt\u011b\u017euj\u00edc\u00edmi a znovu jsem z\u00edskala pohodl\u00ed v ka\u017edodenn\u00edm \u017eivot\u011b.&#8220; &#8211; Anna<\/p>\n<\/blockquote>\n\n\n\n<p>Ti, kdo u\u017e\u00edvaj\u00ed p\u0159\u00edpravek Cystonette, zd\u016fraz\u0148uj\u00ed, \u017ee <b>u\u017e\u00edv\u00e1n\u00ed<\/b> dopl\u0148ku vede k celkov\u00e9mu zlep\u0161en\u00ed pohody, co\u017e se prom\u00edt\u00e1 do kvality \u017eivota. Pravideln\u00e9 u\u017e\u00edv\u00e1n\u00ed kapsl\u00ed m\u016f\u017ee zv\u00fd\u0161it komfort a sn\u00ed\u017eit riziko nep\u0159\u00edjemn\u00fdch pot\u00ed\u017e\u00ed.<\/p>\n\n\n\n<blockquote class=\"wp-block-quote is-layout-flow wp-block-quote-is-layout-flow\">\n<p>&#8222;Cystonette dok\u00e1zal z\u00e1zraky. \u010cast\u00e9 z\u00e1chvaty bolesti se staly minulost\u00ed a c\u00edt\u00edm se mnohem l\u00e9pe i po psychick\u00e9 str\u00e1nce.&#8220; &#8211; Marta<\/p>\n<\/blockquote>\n\n\n\n<p>Z hlediska zdrav\u00ed mo\u010dov\u00fdch cest nab\u00edz\u00ed Cystonette nad\u011bji na trval\u00e9 zlep\u0161en\u00ed zdravotn\u00edho stavu a sn\u00ed\u017een\u00ed \u010dast\u00fdch infekc\u00ed. Z\u00e1kazn\u00edci si \u010dasto pochvaluj\u00ed \u00fa\u010dinnost dopl\u0148ku a doporu\u010duj\u00ed jej dal\u0161\u00edm pot\u0159ebn\u00fdm.<\/p>\n\n\n\n<blockquote class=\"wp-block-quote is-layout-flow wp-block-quote-is-layout-flow\">\n<p>&#8222;Je to nejlep\u0161\u00ed dopln\u011bk stravy, jak\u00fd jsem kdy pou\u017e\u00edvala. Pomohl mi v boji s opakovan\u00fdmi z\u00e1n\u011bty mo\u010dov\u00e9ho m\u011bch\u00fd\u0159e. Opravdu ho doporu\u010duji v\u0161em, kte\u0159\u00ed maj\u00ed podobn\u00e9 probl\u00e9my.&#8220; &#8211; Christopher<\/p>\n<\/blockquote>\n\n\n\n<h2 class=\"wp-block-heading\">Jak pou\u017e\u00edvat p\u0159\u00edpravek Cystonette? &#8211; D\u00e1vkov\u00e1n\u00ed a doporu\u010den\u00ed<\/h2>\n\n\n\n<p>Pro <b>dosa\u017een\u00ed<\/b> optim\u00e1ln\u00edch <b>v\u00fdsledk\u016f<\/b> by se <em>p\u0159\u00edpravek Cystonette<\/em> m\u011bl pou\u017e\u00edvat podle doporu\u010den\u00ed v\u00fdrobce. Standardn\u00ed <b>d\u00e1vkov\u00e1n\u00ed<\/b> je jedna tobolka dvakr\u00e1t denn\u011b. Doporu\u010duje se u\u017e\u00edvat dopln\u011bk stravy b\u011bhem j\u00eddla a zap\u00edjet ho vodou. Je d\u016fle\u017eit\u00e9 nep\u0159ekra\u010dovat doporu\u010den\u00e9 d\u00e1vkov\u00e1n\u00ed bez p\u0159edchoz\u00ed konzultace s l\u00e9ka\u0159em.<\/p>\n\n\n\n<p><b>D\u00e1vkov\u00e1n\u00ed<\/b> lze p\u0159izp\u016fsobit individu\u00e1ln\u00edm pot\u0159eb\u00e1m, av\u0161ak jak\u00e1koli \u00faprava by m\u011bla b\u00fdt konzultov\u00e1na s odborn\u00edkem. Pravideln\u00e9 u\u017e\u00edv\u00e1n\u00ed p\u0159\u00edpravku Cystonette zvy\u0161uje jeho \u00fa\u010dinnost a umo\u017e\u0148uje pln\u011b realizovat zdravotn\u00ed p\u0159\u00ednos \u00fa\u010dinn\u00fdch l\u00e1tek obsa\u017een\u00fdch v p\u0159\u00edpravku.<\/p>\n\n\n\n<ul class=\"wp-block-list\">\n<li><em>Doporu\u010den\u00e9 d\u00e1vkov\u00e1n\u00ed<\/em>: 1 tobolka 2x denn\u011b<\/li>\n\n\n\n<li><em>Nejlep\u0161\u00ed doba u\u017e\u00edv\u00e1n\u00ed:<\/em> b\u011bhem j\u00eddla<\/li>\n\n\n\n<li><em>Nep\u0159ekra\u010dujte d\u00e1vku:<\/em> bez porady s l\u00e9ka\u0159em<\/li>\n<\/ul>\n\n\n\n<p>Dodr\u017eov\u00e1n\u00ed v\u00fd\u0161e uveden\u00fdch doporu\u010den\u00ed pom\u016f\u017ee \u00fa\u010dinn\u011b zvl\u00e1dnout p\u0159\u00edznaky spojen\u00e9 s infekcemi mo\u010dov\u00e9ho m\u011bch\u00fd\u0159e a zlep\u0161it celkov\u00e9 zdrav\u00ed mo\u010dov\u00fdch cest.<\/p>\n\n\n\n<h2 class=\"wp-block-heading\">Recenze a zp\u011btn\u00e1 vazba na Cystonette<\/h2>\n\n\n\n<p>Cystonette z\u00edsk\u00e1v\u00e1 st\u00e1le v\u011bt\u0161\u00ed uzn\u00e1n\u00ed mezi u\u017eivateli, kte\u0159\u00ed sd\u00edlej\u00ed sv\u00e9 <em>u\u017eivatelsk\u00e9 zku\u0161enosti<\/em> na mnoha <em>f\u00f3rech<\/em>. Mnoho <em>recenz\u00ed<\/em> zd\u016fraz\u0148uje \u00fa\u010dinnost dopl\u0148ku p\u0159i zm\u00edr\u0148ov\u00e1n\u00ed p\u0159\u00edznak\u016f z\u00e1n\u011btu mo\u010dov\u00e9ho m\u011bch\u00fd\u0159e. P\u0159\u00edklady pozitivn\u00edch recenz\u00ed zahrnuj\u00ed:<\/p>\n\n\n\n<blockquote class=\"wp-block-quote is-layout-flow wp-block-quote-is-layout-flow\">\n<p><em>&#8222;Mnoho m\u011bs\u00edc\u016f jsem bojovala s opakuj\u00edc\u00edmi se z\u00e1n\u011bty mo\u010dov\u00e9ho m\u011bch\u00fd\u0159e. Ji\u017e po n\u011bkolika t\u00fddnech u\u017e\u00edv\u00e1n\u00ed p\u0159\u00edpravku Cystonette jsem zaznamenala v\u00fdrazn\u00e9 zlep\u0161en\u00ed. P\u0159\u00edznaky zmizely a c\u00edt\u00edm se mnohem l\u00e9pe.&#8220;<\/em> &#8211; Anna<\/p>\n<\/blockquote>\n\n\n\n<blockquote class=\"wp-block-quote is-layout-flow wp-block-quote-is-layout-flow\">\n<p><em>&#8222;L\u00e9ka\u0159 mi doporu\u010dil Cystonette b\u011bhem l\u00e9\u010dby antibiotiky. Dopln\u011bk mi velmi pomohl v pohodln\u00e9m zotaven\u00ed. V\u0159ele ho doporu\u010duji!&#8220;<\/em> &#8211; Tomasz<\/p>\n<\/blockquote>\n\n\n\n<blockquote class=\"wp-block-quote is-layout-flow wp-block-quote-is-layout-flow\">\n<p><em>&#8222;Cystonette byl pro m\u011b nej\u00fa\u010dinn\u011bj\u0161\u00edm \u0159e\u0161en\u00edm z\u00e1n\u011btu mo\u010dov\u00e9ho m\u011bch\u00fd\u0159e. U\u017e\u00edv\u00e1m ho ji\u017e dlouhou dobu a zat\u00edm se u m\u011b neobjevily \u017e\u00e1dn\u00e9 recidivy. P\u016fsob\u00ed jako \u0161t\u00edt pro m\u00e9 zdrav\u00ed.&#8220;<\/em> &#8211; Marta<\/p>\n<\/blockquote>\n\n\n\n<p>Z<b>hodnocen\u00ed<\/b> u\u017eivatel\u016f vypl\u00fdv\u00e1 vysok\u00e1 spokojenost a \u00fa\u010dinnost p\u0159\u00edpravku Cystonette p\u0159i zlep\u0161ov\u00e1n\u00ed zdrav\u00ed mo\u010dov\u00fdch cest. U\u017eivatel\u00e9 si pochvaluj\u00ed jeho p\u0159\u00edrodn\u00ed <b>slo\u017een\u00ed<\/b>, d\u00edky n\u011bmu\u017e nedoch\u00e1z\u00ed k ne\u017e\u00e1douc\u00edm vedlej\u0161\u00edm \u00fa\u010dink\u016fm, jako jsou \u017ealude\u010dn\u00ed pot\u00ed\u017ee, kter\u00e9 se mohou objevit u n\u011bkter\u00fdch syntetick\u00fdch l\u00e9k\u016f. On-line <b>recenze<\/b> \u010dasto vyzdvihuj\u00ed, jak Cystonette podporuje t\u011blo v boji proti infekci, zm\u00edr\u0148uje bolest a nepohodl\u00ed spojen\u00e9 se z\u00e1n\u011btem mo\u010dov\u00e9ho m\u011bch\u00fd\u0159e.<\/p>\n\n\n\n<p>Stoj\u00ed za zm\u00ednku, \u017ee n\u011bkter\u00e9 negativn\u00ed <b>recenze<\/b> se vyskytuj\u00ed hlavn\u011b v souvislosti s n\u00e1kupem dopl\u0148ku z neautorizovan\u00fdch zdroj\u016f. L\u00e9ka\u0159i uzn\u00e1vaj\u00ed, \u017ee Cystonette je \u00fa\u010dinnou terapeutickou mo\u017enost\u00ed a u\u017eivatelsk\u00e9 recenze jeho \u00fa\u010dink\u016f filtruj\u00ed r\u016fzn\u00e9 platformy a poskytuj\u00ed rozmanit\u00e9 informace o jeho pou\u017eit\u00ed.<\/p>\n\n\n\n<h2 class=\"wp-block-heading\">Cystonette &#8211; Slo\u017een\u00ed<\/h2>\n\n\n\n<p>Cystonette je dopln\u011bk stravy, jeho\u017e <b>slo\u017een\u00ed<\/b> je zalo\u017eeno na pe\u010dliv\u011b vybran\u00fdch p\u0159\u00edrodn\u00edch slo\u017ek\u00e1ch ur\u010den\u00fdch k podpo\u0159e zdrav\u00ed mo\u010dov\u00fdch cest. Ka\u017ed\u00e1 slo\u017eka byla vybr\u00e1na pro sv\u016fj \u00fa\u010dinek a zdravotn\u00ed \u00fa\u010dinky, kter\u00e9 t\u011blu p\u0159in\u00e1\u0161\u00ed. N\u00ed\u017ee jsou uvedeny kl\u00ed\u010dov\u00e9 slo\u017eky tohoto v\u00fdrobku:<\/p>\n\n\n\n<ul class=\"wp-block-list\">\n<li><em>Listy jitrocele<\/em>: p\u016fsob\u00ed protiz\u00e1n\u011btliv\u011b a podporuj\u00ed regeneraci mo\u010dov\u00fdch cest.<\/li>\n\n\n\n<li><em>D-man\u00f3za:<\/em> Stabilizuje mikrofl\u00f3ru mo\u010dov\u00fdch cest a eliminuje ne\u017e\u00e1douc\u00ed mikroorganismy.<\/li>\n\n\n\n<li><em>Extrakt z ohnivce<\/em>: Podporuje vylu\u010dov\u00e1n\u00ed bakteri\u00ed a urychluje hojen\u00ed tk\u00e1n\u00ed.<\/li>\n\n\n\n<li><em>Brusinka:<\/em> Zn\u00e1m\u00e1 jako &#8222;p\u0159\u00edrodn\u00ed antibiotikum&#8220;, zm\u00edr\u0148uje z\u00e1n\u011bt.<\/li>\n\n\n\n<li><em>Echinacea:<\/em> Posiluje imunitn\u00ed syst\u00e9m, co\u017e ovliv\u0148uje celkovou <b>v\u00fdkonnost<\/b> organismu a jeho schopnost bojovat s infekcemi.<\/li>\n\n\n\n<li><em>K\u0159\u00eddlatka:<\/em> Chr\u00e1n\u00ed p\u0159ed podr\u00e1\u017ed\u011bn\u00edm, co\u017e p\u0159isp\u00edv\u00e1 k dobr\u00e9 kondici u\u017eivatel\u016f.<\/li>\n<\/ul>\n\n\n\n<p>D\u00edky t\u011bmto <b>p\u0159\u00edrodn\u00edm slo\u017ek\u00e1m<\/b> vynik\u00e1 Cystonette na trhu s dopl\u0148ky stravy a nab\u00edz\u00ed zdravotn\u00ed \u00fa\u010dinky, kter\u00e9 mohou v\u00fdrazn\u011b ovlivnit stav mo\u010dov\u00fdch cest. D\u00edky synergick\u00e9mu p\u016fsoben\u00ed jednotliv\u00fdch slo\u017eek se tento p\u0159\u00edpravek st\u00e1v\u00e1 \u00fa\u010dinnou podporou v boji proti infekc\u00edm mo\u010dov\u00e9ho m\u011bch\u00fd\u0159e.<\/p>\n\n\n\n<h2 class=\"wp-block-heading\">Cena produktu Cystonette &#8211; kde koupit?<\/h2>\n\n\n\n<p>Cystonette lze zakoupit pouze na ofici\u00e1ln\u00edch <em>str\u00e1nk\u00e1ch v\u00fdrobce,<\/em> co\u017e poskytuje z\u00e1ruku kvality a pravosti v\u00fdrobku. N\u00e1kup z nezn\u00e1m\u00fdch zdroj\u016f m\u016f\u017ee v\u00e9st k n\u00e1kupu pad\u011blk\u016f, kter\u00e9 nemus\u00ed spl\u0148ovat o\u010dek\u00e1v\u00e1n\u00ed. Proto je vhodn\u00e9 zvolit si ov\u011b\u0159enou str\u00e1nku, kde m\u016f\u017eete nejen naj\u00edt spr\u00e1vnou <em>cenu,<\/em> ale tak\u00e9 vyu\u017e\u00edt dostupn\u00fdch akc\u00ed.<\/p>\n\n\n\n<p>V sou\u010dasn\u00e9 dob\u011b je Cystonette nab\u00edzena se slevou a\u017e 50%, co\u017e ji \u010din\u00ed je\u0161t\u011b dostupn\u011bj\u0161\u00ed. Pravideln\u00e1 kontrola <em>ofici\u00e1ln\u00edch str\u00e1nek v\u00fdrobce<\/em> v\u00e1m umo\u017en\u00ed z\u016fstat informov\u00e1ni o aktu\u00e1ln\u00edch nab\u00eddk\u00e1ch a slev\u00e1ch. Jedn\u00e1 se o nejlep\u0161\u00ed zdroj, <b>kde koupit<\/b> Cystonette za v\u00fdhodnou cenu.<\/p>\n\n\n\n<p>Je t\u0159eba m\u00edt na pam\u011bti, \u017ee tento v\u00fdrobek nen\u00ed k dispozici ve stacion\u00e1rn\u00edch l\u00e9k\u00e1rn\u00e1ch, tak\u017ee n\u00e1kup p\u0159\u00edmo z ofici\u00e1ln\u00edch <em>str\u00e1nek v\u00fdrobce<\/em> je jedin\u00fdm jist\u00fdm \u0159e\u0161en\u00edm pro ty, kte\u0159\u00ed hledaj\u00ed tento dopln\u011bk stravy.<\/p>\n\n\n\n<h2 class=\"wp-block-heading\">Cystonette &#8211; Mo\u017en\u00e9 ne\u017e\u00e1douc\u00ed \u00fa\u010dinky a kontraindikace pou\u017eit\u00ed<\/h2>\n\n\n\n<p>Cystonette je dopln\u011bk stravy, kter\u00fd si z\u00edskal d\u016fv\u011bru u\u017eivatel\u016f d\u00edky sv\u00e9 \u00fa\u010dinnosti v boji proti zdravotn\u00edm probl\u00e9m\u016fm mo\u010dov\u00fdch cest. Bezpe\u010dnost jeho u\u017e\u00edv\u00e1n\u00ed potvrzuje absence hl\u00e1\u0161en\u00fdch z\u00e1va\u017en\u00fdch vedlej\u0161\u00edch \u00fa\u010dink\u016f. Je v\u0161ak t\u0159eba m\u00edt na pam\u011bti, \u017ee jako u ka\u017ed\u00e9ho dopl\u0148ku stravy by se jeho u\u017e\u00edv\u00e1n\u00ed m\u011bli vyhnout lid\u00e9, kte\u0159\u00ed jsou alergi\u010dt\u00ed na jeho slo\u017eky, aby se minimalizovalo riziko alergick\u00fdch reakc\u00ed.<\/p>\n\n\n\n<p>T\u011bhotn\u00e9 a koj\u00edc\u00ed \u017eeny by se tak\u00e9 m\u011bly p\u0159ed u\u017e\u00edv\u00e1n\u00edm p\u0159\u00edpravku Cystonette poradit s l\u00e9ka\u0159em. Je dobr\u00e9 se poradit s l\u00e9ka\u0159em o dal\u0161\u00ed bezpe\u010dnosti, zejm\u00e9na p\u0159i u\u017e\u00edv\u00e1n\u00ed dopl\u0148k\u016f stravy. I p\u0159es absenci v\u00fdznamn\u00fdch kontraindikac\u00ed je v\u017edy vhodn\u00e9 db\u00e1t o sv\u00e9 zdrav\u00ed a pohodu.<\/p>\n\n\n\n<p>Cystonette se t\u011b\u0161\u00ed pozitivn\u00edm recenz\u00edm od u\u017eivatel\u016f i odborn\u00edk\u016f. S vysokou m\u00edrou \u00fa\u010dinnosti v\u00edce ne\u017e 98 % se tento produkt st\u00e1v\u00e1 d\u016fv\u011bryhodnou podporou p\u0159i boji s mo\u010dov\u00fdmi probl\u00e9my a jeho pov\u011bst a \u00fa\u010dinky potvrzuj\u00ed touhu mnoha lid\u00ed tento dopln\u011bk pou\u017e\u00edvat. Je v\u0161ak t\u0159eba si b\u00fdt v\u011bdom potenci\u00e1ln\u00edch vedlej\u0161\u00edch \u00fa\u010dink\u016f a kontraindikac\u00ed, aby bylo mo\u017en\u00e9 dopln\u011bk bezpe\u010dn\u011b pou\u017e\u00edvat.<\/p>\n","protected":false},"excerpt":{"rendered":"<p><strong>[date_countdown]<\/strong><\/p>\n<p><strong><img decoding=\"async\" class=\"alignnone  wp-image-8078\" src=\"https:\/\/www.mojeplazma.cz\/farmacie\/wp-content\/uploads\/2024\/10\/SAFE-PAY-300x88-1.png\" alt=\"SAFE-PAY-300x88\" width=\"154\" height=\"45\" \/><\/strong><\/p>\n","protected":false},"featured_media":4038,"comment_status":"open","ping_status":"closed","template":"","meta":{"neve_meta_sidebar":"","neve_meta_container":"","neve_meta_enable_content_width":"","neve_meta_content_width":0,"neve_meta_title_alignment":"","neve_meta_author_avatar":"","neve_post_elements_order":"","neve_meta_disable_header":"","neve_meta_disable_footer":"","neve_meta_disable_title":"","neve_meta_reading_time":""},"product_brand":[],"product_cat":[15],"product_tag":[],"class_list":{"0":"post-4009","1":"product","2":"type-product","3":"status-publish","4":"has-post-thumbnail","6":"product_cat-zdravi","8":"first","9":"instock","10":"sale","11":"shipping-taxable","12":"product-type-external"},"yoast_head":"<!-- This site is optimized with the Yoast SEO plugin v27.3 - https:\/\/yoast.com\/product\/yoast-seo-wordpress\/ -->\n<title>Cystonette - Recenze, L\u00e9k\u00e1rna, Cena - 50%, F\u00f3rum, \u00da\u010dinky | 2026<\/title>\n<meta name=\"robots\" content=\"index, follow, max-snippet:-1, max-image-preview:large, max-video-preview:-1\" \/>\n<link rel=\"canonical\" href=\"https:\/\/www.mojeplazma.cz\/farmacie\/farmacie\/cystonette\/\" \/>\n<meta property=\"og:locale\" content=\"cs_CZ\" \/>\n<meta property=\"og:type\" content=\"article\" \/>\n<meta property=\"og:title\" content=\"Cystonette - Recenze, L\u00e9k\u00e1rna, Cena - 50%, F\u00f3rum, \u00da\u010dinky | 2026\" \/>\n<meta property=\"og:url\" content=\"https:\/\/www.mojeplazma.cz\/farmacie\/farmacie\/cystonette\/\" \/>\n<meta property=\"og:site_name\" content=\"MojePlazma\" \/>\n<meta property=\"article:modified_time\" content=\"2024-11-13T10:21:04+00:00\" \/>\n<meta property=\"og:image\" content=\"https:\/\/www.mojeplazma.cz\/farmacie\/wp-content\/uploads\/2024\/10\/Cystonette.jpg\" \/>\n\t<meta property=\"og:image:width\" content=\"768\" \/>\n\t<meta property=\"og:image:height\" content=\"768\" \/>\n\t<meta property=\"og:image:type\" content=\"image\/jpeg\" \/>\n<meta name=\"twitter:card\" content=\"summary_large_image\" \/>\n<meta name=\"twitter:description\" content=\"[date_countdown]\" \/>\n<meta name=\"twitter:label1\" content=\"Odhadovan\u00e1 doba \u010dten\u00ed\" \/>\n\t<meta name=\"twitter:data1\" content=\"6 minut\" \/>\n<script type=\"application\/ld+json\" class=\"yoast-schema-graph\">{\"@context\":\"https:\\\/\\\/schema.org\",\"@graph\":[{\"@type\":\"WebPage\",\"@id\":\"https:\\\/\\\/www.mojeplazma.cz\\\/farmacie\\\/farmacie\\\/cystonette\\\/\",\"url\":\"https:\\\/\\\/www.mojeplazma.cz\\\/farmacie\\\/farmacie\\\/cystonette\\\/\",\"name\":\"Cystonette - Recenze, L\u00e9k\u00e1rna, Cena - 50%, F\u00f3rum, \u00da\u010dinky | 2026\",\"isPartOf\":{\"@id\":\"https:\\\/\\\/www.mojeplazma.cz\\\/farmacie\\\/#website\"},\"primaryImageOfPage\":{\"@id\":\"https:\\\/\\\/www.mojeplazma.cz\\\/farmacie\\\/farmacie\\\/cystonette\\\/#primaryimage\"},\"image\":{\"@id\":\"https:\\\/\\\/www.mojeplazma.cz\\\/farmacie\\\/farmacie\\\/cystonette\\\/#primaryimage\"},\"thumbnailUrl\":\"https:\\\/\\\/www.mojeplazma.cz\\\/farmacie\\\/wp-content\\\/uploads\\\/2024\\\/10\\\/Cystonette.jpg\",\"datePublished\":\"2024-10-10T16:26:37+00:00\",\"dateModified\":\"2024-11-13T10:21:04+00:00\",\"breadcrumb\":{\"@id\":\"https:\\\/\\\/www.mojeplazma.cz\\\/farmacie\\\/farmacie\\\/cystonette\\\/#breadcrumb\"},\"inLanguage\":\"cs\",\"potentialAction\":[{\"@type\":\"ReadAction\",\"target\":[\"https:\\\/\\\/www.mojeplazma.cz\\\/farmacie\\\/farmacie\\\/cystonette\\\/\"]}]},{\"@type\":\"ImageObject\",\"inLanguage\":\"cs\",\"@id\":\"https:\\\/\\\/www.mojeplazma.cz\\\/farmacie\\\/farmacie\\\/cystonette\\\/#primaryimage\",\"url\":\"https:\\\/\\\/www.mojeplazma.cz\\\/farmacie\\\/wp-content\\\/uploads\\\/2024\\\/10\\\/Cystonette.jpg\",\"contentUrl\":\"https:\\\/\\\/www.mojeplazma.cz\\\/farmacie\\\/wp-content\\\/uploads\\\/2024\\\/10\\\/Cystonette.jpg\",\"width\":768,\"height\":768},{\"@type\":\"BreadcrumbList\",\"@id\":\"https:\\\/\\\/www.mojeplazma.cz\\\/farmacie\\\/farmacie\\\/cystonette\\\/#breadcrumb\",\"itemListElement\":[{\"@type\":\"ListItem\",\"position\":1,\"name\":\"Strona g\u0142\u00f3wna\",\"item\":\"https:\\\/\\\/www.mojeplazma.cz\\\/farmacie\\\/\"},{\"@type\":\"ListItem\",\"position\":2,\"name\":\"farmacie\",\"item\":\"https:\\\/\\\/www.mojeplazma.cz\\\/farmacie\\\/\"},{\"@type\":\"ListItem\",\"position\":3,\"name\":\"Cystonette\"}]},{\"@type\":\"WebSite\",\"@id\":\"https:\\\/\\\/www.mojeplazma.cz\\\/farmacie\\\/#website\",\"url\":\"https:\\\/\\\/www.mojeplazma.cz\\\/farmacie\\\/\",\"name\":\"mojeplazma.cz\",\"description\":\"\",\"potentialAction\":[{\"@type\":\"SearchAction\",\"target\":{\"@type\":\"EntryPoint\",\"urlTemplate\":\"https:\\\/\\\/www.mojeplazma.cz\\\/farmacie\\\/?s={search_term_string}\"},\"query-input\":{\"@type\":\"PropertyValueSpecification\",\"valueRequired\":true,\"valueName\":\"search_term_string\"}}],\"inLanguage\":\"cs\"}]}<\/script>\n<!-- \/ Yoast SEO plugin. -->","yoast_head_json":{"title":"Cystonette - Recenze, L\u00e9k\u00e1rna, Cena - 50%, F\u00f3rum, \u00da\u010dinky | 2026","robots":{"index":"index","follow":"follow","max-snippet":"max-snippet:-1","max-image-preview":"max-image-preview:large","max-video-preview":"max-video-preview:-1"},"canonical":"https:\/\/www.mojeplazma.cz\/farmacie\/farmacie\/cystonette\/","og_locale":"cs_CZ","og_type":"article","og_title":"Cystonette - Recenze, L\u00e9k\u00e1rna, Cena - 50%, F\u00f3rum, \u00da\u010dinky | 2026","og_url":"https:\/\/www.mojeplazma.cz\/farmacie\/farmacie\/cystonette\/","og_site_name":"MojePlazma","article_modified_time":"2024-11-13T10:21:04+00:00","og_image":[{"width":768,"height":768,"url":"https:\/\/www.mojeplazma.cz\/farmacie\/wp-content\/uploads\/2024\/10\/Cystonette.jpg","type":"image\/jpeg"}],"twitter_card":"summary_large_image","twitter_description":"[date_countdown]","twitter_misc":{"Odhadovan\u00e1 doba \u010dten\u00ed":"6 minut"},"schema":{"@context":"https:\/\/schema.org","@graph":[{"@type":"WebPage","@id":"https:\/\/www.mojeplazma.cz\/farmacie\/farmacie\/cystonette\/","url":"https:\/\/www.mojeplazma.cz\/farmacie\/farmacie\/cystonette\/","name":"Cystonette - Recenze, L\u00e9k\u00e1rna, Cena - 50%, F\u00f3rum, \u00da\u010dinky | 2026","isPartOf":{"@id":"https:\/\/www.mojeplazma.cz\/farmacie\/#website"},"primaryImageOfPage":{"@id":"https:\/\/www.mojeplazma.cz\/farmacie\/farmacie\/cystonette\/#primaryimage"},"image":{"@id":"https:\/\/www.mojeplazma.cz\/farmacie\/farmacie\/cystonette\/#primaryimage"},"thumbnailUrl":"https:\/\/www.mojeplazma.cz\/farmacie\/wp-content\/uploads\/2024\/10\/Cystonette.jpg","datePublished":"2024-10-10T16:26:37+00:00","dateModified":"2024-11-13T10:21:04+00:00","breadcrumb":{"@id":"https:\/\/www.mojeplazma.cz\/farmacie\/farmacie\/cystonette\/#breadcrumb"},"inLanguage":"cs","potentialAction":[{"@type":"ReadAction","target":["https:\/\/www.mojeplazma.cz\/farmacie\/farmacie\/cystonette\/"]}]},{"@type":"ImageObject","inLanguage":"cs","@id":"https:\/\/www.mojeplazma.cz\/farmacie\/farmacie\/cystonette\/#primaryimage","url":"https:\/\/www.mojeplazma.cz\/farmacie\/wp-content\/uploads\/2024\/10\/Cystonette.jpg","contentUrl":"https:\/\/www.mojeplazma.cz\/farmacie\/wp-content\/uploads\/2024\/10\/Cystonette.jpg","width":768,"height":768},{"@type":"BreadcrumbList","@id":"https:\/\/www.mojeplazma.cz\/farmacie\/farmacie\/cystonette\/#breadcrumb","itemListElement":[{"@type":"ListItem","position":1,"name":"Strona g\u0142\u00f3wna","item":"https:\/\/www.mojeplazma.cz\/farmacie\/"},{"@type":"ListItem","position":2,"name":"farmacie","item":"https:\/\/www.mojeplazma.cz\/farmacie\/"},{"@type":"ListItem","position":3,"name":"Cystonette"}]},{"@type":"WebSite","@id":"https:\/\/www.mojeplazma.cz\/farmacie\/#website","url":"https:\/\/www.mojeplazma.cz\/farmacie\/","name":"mojeplazma.cz","description":"","potentialAction":[{"@type":"SearchAction","target":{"@type":"EntryPoint","urlTemplate":"https:\/\/www.mojeplazma.cz\/farmacie\/?s={search_term_string}"},"query-input":{"@type":"PropertyValueSpecification","valueRequired":true,"valueName":"search_term_string"}}],"inLanguage":"cs"}]}},"_links":{"self":[{"href":"https:\/\/www.mojeplazma.cz\/farmacie\/wp-json\/wp\/v2\/product\/4009","targetHints":{"allow":["GET"]}}],"collection":[{"href":"https:\/\/www.mojeplazma.cz\/farmacie\/wp-json\/wp\/v2\/product"}],"about":[{"href":"https:\/\/www.mojeplazma.cz\/farmacie\/wp-json\/wp\/v2\/types\/product"}],"replies":[{"embeddable":true,"href":"https:\/\/www.mojeplazma.cz\/farmacie\/wp-json\/wp\/v2\/comments?post=4009"}],"wp:featuredmedia":[{"embeddable":true,"href":"https:\/\/www.mojeplazma.cz\/farmacie\/wp-json\/wp\/v2\/media\/4038"}],"wp:attachment":[{"href":"https:\/\/www.mojeplazma.cz\/farmacie\/wp-json\/wp\/v2\/media?parent=4009"}],"wp:term":[{"taxonomy":"product_brand","embeddable":true,"href":"https:\/\/www.mojeplazma.cz\/farmacie\/wp-json\/wp\/v2\/product_brand?post=4009"},{"taxonomy":"product_cat","embeddable":true,"href":"https:\/\/www.mojeplazma.cz\/farmacie\/wp-json\/wp\/v2\/product_cat?post=4009"},{"taxonomy":"product_tag","embeddable":true,"href":"https:\/\/www.mojeplazma.cz\/farmacie\/wp-json\/wp\/v2\/product_tag?post=4009"}],"curies":[{"name":"wp","href":"https:\/\/api.w.org\/{rel}","templated":true}]}}