{"id":4014,"date":"2024-10-10T16:26:38","date_gmt":"2024-10-10T16:26:38","guid":{"rendered":"https:\/\/www.mojeplazma.cz\/farmacie\/?post_type=product&#038;p=4014"},"modified":"2024-11-16T18:55:51","modified_gmt":"2024-11-16T18:55:51","slug":"weicode","status":"publish","type":"product","link":"https:\/\/www.mojeplazma.cz\/farmacie\/farmacie\/weicode\/","title":{"rendered":"Weicode"},"content":{"rendered":"\n<h2 class=\"wp-block-heading\">Co je WEICODE a jak funguje?<\/h2>\n\n\n\n<p>Weicode je <b>dopln\u011bk stravy<\/b>, kter\u00fd si z\u00edsk\u00e1v\u00e1 uzn\u00e1n\u00ed pro sv\u00e9 jedine\u010dn\u00e9, 100% p\u0159\u00edrodn\u00ed slo\u017een\u00ed slo\u017eek. Jeho <em>p\u016fsoben\u00ed<\/em> je zalo\u017eeno na podpo\u0159e <em>hubnut\u00ed<\/em> \u00fa\u010dinn\u00fdm zrychlen\u00edm <em>metabolismu<\/em>. D\u016fle\u017eitou roli v tomto procesu hraj\u00ed kl\u00ed\u010dov\u00e9 <b>slo\u017eky,<\/b> jako je extrakt ze zelen\u00e9ho \u010daje a garcinia kambod\u017esk\u00e1. Extrakt ze zelen\u00e9ho \u010daje stimuluje <em>metabolismus<\/em>, \u010d\u00edm\u017e napom\u00e1h\u00e1 spalov\u00e1n\u00ed tuk\u016f, zat\u00edmco garcinia cambogia pom\u00e1h\u00e1 sni\u017eovat chu\u0165 k j\u00eddlu a regulovat hladinu cukru v krvi.<\/p>\n\n\n\n<p>Pomoc\u00ed L-karnitinu Weicode urychluje transport mastn\u00fdch kyselin do bun\u011bk t\u011bla, kde jsou vyu\u017e\u00edv\u00e1ny jako zdroj energie. Tr\u00e1vic\u00ed enzymy obsa\u017een\u00e9 v p\u0159\u00edpravku usnad\u0148uj\u00ed tr\u00e1ven\u00ed a vst\u0159eb\u00e1v\u00e1n\u00ed \u017eivin. D\u00edky t\u011bmto vlastnostem u\u017eivatel\u00e9 p\u0159\u00edpravku Weicode zaznamen\u00e1vaj\u00ed zlep\u0161en\u00ed sv\u00e9 celkov\u00e9 kondice a kontrolu chuti k j\u00eddlu, co\u017e je kl\u00ed\u010dov\u00e9 pro <em>hubnut\u00ed<\/em>.<\/p>\n\n\n\n<p>Dopln\u011bk nab\u00edz\u00ed holistick\u00fd p\u0159\u00edstup k <em>hubnut\u00ed<\/em>, podporuje spalov\u00e1n\u00ed kalori\u00ed i hormon\u00e1ln\u00ed rovnov\u00e1hu. Z\u00e1kazn\u00edci u\u017e\u00edvaj\u00edc\u00ed Weicode zhubnou v pr\u016fm\u011bru kolem 8 kg za dva m\u011bs\u00edce, o \u010dem\u017e sv\u011bd\u010d\u00ed \u010detn\u00e9 pozitivn\u00ed <b>recenze<\/b> <b>u\u017eivatel\u016f<\/b>. Stoj\u00ed za zm\u00ednku, \u017ee zaveden\u00ed Weicode do zdrav\u00e9 stravy, zejm\u00e9na ketogenn\u00ed diety, p\u0159isp\u00edv\u00e1 k v\u011bt\u0161\u00ed \u00fa\u010dinnosti p\u0159i hubnut\u00ed a zlep\u0161en\u00ed celkov\u00e9 pohody.<\/p>\n\n\n\n<h2 class=\"wp-block-heading\">\u00da\u010dinky u\u017e\u00edv\u00e1n\u00ed WEICODE<\/h2>\n\n\n\n<p><b>Pou\u017e\u00edv\u00e1n\u00ed p\u0159\u00edpravku<\/b> Weicode m\u00e1 \u0159adu pozitivn\u00edch \u00fa\u010dink\u016f, kter\u00e9 maj\u00ed v\u00fdznamn\u00fd vliv na proces hubnut\u00ed. V\u0161ichni u\u017eivatel\u00e9, kte\u0159\u00ed tento v\u00fdrobek zavedli do sv\u00e9ho j\u00eddeln\u00ed\u010dku, \u010dasto zaznamen\u00e1vaj\u00ed v\u00fdrazn\u00e9 sn\u00ed\u017een\u00ed hmotnosti. V\u00fdsledky pr\u016fzkumu ukazuj\u00ed, \u017ee v\u00edce ne\u017e 90 % \u00fa\u010dastn\u00edk\u016f zhublo b\u011bhem jednoho m\u011bs\u00edce alespo\u0148 p\u011bt kilogram\u016f.<\/p>\n\n\n\n<p>Pravideln\u00e9 u\u017e\u00edv\u00e1n\u00ed p\u0159\u00edpravku Weicode je spojeno se zlep\u0161en\u00edm metabolismu, co\u017e podporuje \u00fa\u010dinn\u011bj\u0161\u00ed spalov\u00e1n\u00ed kalori\u00ed. Sni\u017euje se tak\u00e9 chu\u0165 k j\u00eddlu, co\u017e umo\u017e\u0148uje snadn\u011bj\u0161\u00ed kontrolu nad v\u00fddejem kalori\u00ed. Krom\u011b toho p\u0159\u00edpravek dod\u00e1v\u00e1 t\u011blu cenn\u00e9 \u017eiviny, co\u017e zvy\u0161uje hladinu energie a zlep\u0161uje pohodu.<\/p>\n\n\n\n<p>Za zm\u00ednku tak\u00e9 stoj\u00ed, \u017ee 90 % u\u017eivatel\u016f Weicode po u\u017e\u00edv\u00e1n\u00ed v\u00fdrobku nezaznamenalo jo-jo efekt. <b>Slo\u017eky<\/b> obsa\u017een\u00e9 v p\u0159\u00edpravku \u00fa\u010dinn\u011b reguluj\u00ed procesy spalov\u00e1n\u00ed tuk\u016f, co\u017e p\u0159isp\u00edv\u00e1 k trval\u00e9mu sn\u00ed\u017een\u00ed hmotnosti.<\/p>\n\n\n\n<p><b>Recenze<\/b> <b>u\u017eivatel\u016f<\/b> na internetov\u00fdch f\u00f3rech potvrzuj\u00ed <b>\u00fa\u010dinnost<\/b> p\u0159\u00edpravku. V\u011bt\u0161ina lid\u00ed zd\u016fraz\u0148uje pozitivn\u00ed <b>\u00fa\u010dinky<\/b> u\u017e\u00edv\u00e1n\u00ed Weicode, co\u017e z n\u011bj \u010din\u00ed doporu\u010diteln\u00fd produkt pro ty, kte\u0159\u00ed cht\u011bj\u00ed zhubnout.<\/p>\n\n\n\n<h2 class=\"wp-block-heading\">Jak spr\u00e1vn\u011b pou\u017e\u00edvat WEICODE &#8211; D\u00e1vkov\u00e1n\u00ed<\/h2>\n\n\n\n<p>Pro dosa\u017een\u00ed optim\u00e1ln\u00edch v\u00fdsledk\u016f s Weicode je nezbytn\u00e9 dodr\u017eovat doporu\u010den\u00ed pro d\u00e1vkov\u00e1n\u00ed. Podle <em>pokyn\u016f<\/em> v\u00fdrobce je doporu\u010den\u00e1 denn\u00ed d\u00e1vka 20 kapek. Ty by se m\u011bly rozpustit ve 100 ml vody a u\u017e\u00edvat dvakr\u00e1t denn\u011b, nejl\u00e9pe 30 minut p\u0159ed j\u00eddlem. <b>U\u017e\u00edv\u00e1n\u00ed<\/b> podle tohoto rozpisu p\u0159isp\u00edv\u00e1 k \u00fa\u010dinn\u00e9mu p\u016fsoben\u00ed dopl\u0148ku stravy.<\/p>\n\n\n\n<p>Bezpe\u010dn\u00e9 a \u00fa\u010dinn\u00e9 <b>p\u016fsoben\u00ed p\u0159\u00edpravku<\/b> Weicode vy\u017eaduje nep\u0159ekra\u010dovat uvedenou d\u00e1vku. Pravideln\u00e9 <em>u\u017e\u00edv\u00e1n\u00ed<\/em> dopl\u0148ku podle n\u00e1vodu podporuje po\u017eadovan\u00e9 v\u00fdsledky hubnut\u00ed. Podrobnosti o d\u00e1vkov\u00e1n\u00ed jsou uvedeny n\u00ed\u017ee:<\/p>\n\n\n\n<figure class=\"wp-block-table\"><table class=\"has-fixed-layout\"><tbody><tr><th><\/th><th>D\u00e1vkov\u00e1n\u00ed<\/th><th>Frekvence<\/th><th>Doba p\u0159\u00edjmu<\/th><\/tr><tr><td>Weicode<\/td><td>20 kapek<\/td><td>2kr\u00e1t denn\u011b<\/td><td>30 minut p\u0159ed j\u00eddlem<\/td><\/tr><\/tbody><\/table><\/figure>\n\n\n\n<p>Weicode nasyt\u00ed t\u011blo \u00fa\u010dinn\u00fdmi l\u00e1tkami, co\u017e v\u00fdznamn\u011b p\u0159isp\u00edv\u00e1 k rychl\u00e9mu a \u00fa\u010dinn\u00e9mu spalov\u00e1n\u00ed tuk\u016f. P\u0159\u00edpravek aktivuje <b>metabolismus<\/b> a sni\u017euje chu\u0165 na sladk\u00e9. Vysok\u00fd obsah p\u0159\u00edrodn\u00edch slo\u017eek, jako je bromelain, stejn\u011b jako tyrosin a rostlinn\u00e9 extrakty, podporuje proces hubnut\u00ed. Pravideln\u00e9 u\u017e\u00edv\u00e1n\u00ed kapek v\u00e1m pom\u016f\u017ee dos\u00e1hnout po\u017eadovan\u00fdch v\u00fdsledk\u016f a zlep\u0161it v\u00e1\u0161 celkov\u00fd zdravotn\u00ed stav. Nezapome\u0148te, \u017ee kl\u00ed\u010dem k \u00fasp\u011bchu je dodr\u017eov\u00e1n\u00ed d\u00e1vkov\u00e1n\u00ed.<\/p>\n\n\n\n<h2 class=\"wp-block-heading\">WEICODE &#8211; Recenze u\u017eivatel\u016f, f\u00f3rum &#8211; Co na to \u0159\u00edkaj\u00ed u\u017eivatel\u00e9?<\/h2>\n\n\n\n<p>U\u017eivatelsk\u00e9 recenze na Weicode jsou v drtiv\u00e9 v\u011bt\u0161in\u011b pozitivn\u00ed, co\u017e dokl\u00e1daj\u00ed r\u016fzn\u00e9 diskuze na internetov\u00fdch f\u00f3rech. U\u017eivatel\u00e9 si pochvaluj\u00ed <em>\u00fa\u010dinnost<\/em> v\u00fdrobku a \u010dasto se d\u011bl\u00ed o sv\u00e9 zku\u0161enosti s hubnut\u00edm.<\/p>\n\n\n\n<blockquote class=\"wp-block-quote is-layout-flow wp-block-quote-is-layout-flow\">\n<p>&#8222;D\u00edky Weicode jsem zaznamenal v\u00fdrazn\u00e9 sn\u00ed\u017een\u00ed hmotnosti a zlep\u0161en\u00ed sv\u00e9 pohody. V\u00fdrobky na hubnut\u00ed ne v\u017edy funguj\u00ed, ale v tomto p\u0159\u00edpad\u011b c\u00edt\u00edm rozd\u00edl. Up\u0159\u00edmn\u011b doporu\u010duji v\u0161em, kte\u0159\u00ed bojuj\u00ed s nadv\u00e1hou.&#8220; &#8211; Kasia<\/p>\n<\/blockquote>\n\n\n\n<p>Na <b>f\u00f3ru<\/b> je mnoho p\u0159\u00edsp\u011bvk\u016f, kde u\u017eivatel\u00e9 vyzdvihuj\u00ed <em>snadnost<\/em> pou\u017eit\u00ed kapek. Mnoho lid\u00ed pova\u017euje Weicode za partnera v nelehk\u00e9m boji s nadv\u00e1hou.<\/p>\n\n\n\n<blockquote class=\"wp-block-quote is-layout-flow wp-block-quote-is-layout-flow\">\n<p>&#8222;Tyto kapky zm\u011bnily m\u016fj p\u0159\u00edstup k hubnut\u00ed. D\u00edky nim se mi poda\u0159ilo sn\u00ed\u017eit chu\u0165 k j\u00eddlu a m\u00edt v\u011bt\u0161\u00ed kontrolu nad t\u00edm, co j\u00edm. Rozhodn\u011b doporu\u010duji p\u0159i v\u0161ech snah\u00e1ch o zdrav\u00fd \u017eivotn\u00ed styl.&#8220; &#8211; Ania<\/p>\n<\/blockquote>\n\n\n\n<ul class=\"wp-block-list\">\n<li>Pozitivn\u00ed <b>\u00fa\u010dinky<\/b> na t\u011blesnou kondici<\/li>\n\n\n\n<li>Podpora p\u0159i kontrole chuti k j\u00eddlu<\/li>\n\n\n\n<li>Snadn\u00e1 aplikace, co\u017e je pro mnoho u\u017eivatel\u016f d\u016fle\u017eit\u00e9<\/li>\n<\/ul>\n\n\n\n<blockquote class=\"wp-block-quote is-layout-flow wp-block-quote-is-layout-flow\">\n<p>&#8222;S Weicode se mi poda\u0159ilo vr\u00e1tit se do formy p\u0159ed t\u011bhotenstv\u00edm. To je pro m\u011b nesm\u00edrn\u011b d\u016fle\u017eit\u00e9, proto\u017ee se nyn\u00ed c\u00edt\u00edm sebev\u011bdom\u011bji. Rozhodn\u011b to bylo dobr\u00e9 rozhodnut\u00ed.&#8220; &#8211; Maja<\/p>\n<\/blockquote>\n\n\n\n<p>Stoj\u00ed za zm\u00ednku, \u017ee u\u017eivatelsk\u00e9 recenze na f\u00f3rech zmi\u0148uj\u00ed celkov\u00e9 zlep\u0161en\u00ed energie a sn\u00ed\u017een\u00ed p\u0159\u00edznak\u016f \u00fanavy. Takov\u00e9 pozitivn\u00ed zku\u0161enosti mohou nazna\u010dovat rostouc\u00ed d\u016fv\u011bru v p\u0159\u00edpravek Weicode mezi t\u011bmi, kte\u0159\u00ed hledaj\u00ed metody podpory <b>hubnut\u00ed<\/b>.<\/p>\n\n\n\n<h2 class=\"wp-block-heading\">Slo\u017een\u00ed WEICODE &#8211; Co obsahuje?<\/h2>\n\n\n\n<p>Weicode je <b>dopln\u011bk stravy<\/b>, kter\u00fd obsahuje <em>p\u0159\u00edrodn\u00ed slo\u017eky<\/em> ur\u010den\u00e9 k podpo\u0159e hubnut\u00ed. Jeho <em>slo\u017een\u00ed<\/em> je zalo\u017eeno na n\u011bkolika kl\u00ed\u010dov\u00fdch prvc\u00edch, kter\u00e9 hraj\u00ed d\u016fle\u017eitou roli p\u0159i zlep\u0161ov\u00e1n\u00ed metabolismu a regulaci chuti k j\u00eddlu.<\/p>\n\n\n\n<ul class=\"wp-block-list\">\n<li><strong>Ananas<\/strong>: Bohat\u00fd na bromelain, kter\u00fd pom\u00e1h\u00e1 \u0161t\u011bpit lipidy, b\u00edlkoviny a tuky a tak\u00e9 zlep\u0161uje tr\u00e1ven\u00ed a sni\u017euje hladinu cholesterolu.<\/li>\n\n\n\n<li><strong>Tyrosin<\/strong>: Esenci\u00e1ln\u00ed aminokyselina, kter\u00e1 pom\u00e1h\u00e1 udr\u017eovat funkci \u0161t\u00edtn\u00e9 \u017el\u00e1zy a nadledvinek a podporuje tvorbu hormonu \u0161t\u011bst\u00ed, kter\u00fd podporuje lep\u0161\u00ed n\u00e1ladu.<\/li>\n\n\n\n<li><strong>Extrakt z kv\u011bt\u016f kumquatu<\/strong>: Posiluje imunitu, normalizuje tr\u00e1ven\u00ed, odstra\u0148uje toxiny z t\u011bla a aktivuje metabolick\u00e9 procesy.<\/li>\n\n\n\n<li><strong>Pap\u00e1ja<\/strong>: Urychluje <b>metabolismus<\/b>, napom\u00e1h\u00e1 rychlej\u0161\u00edmu odbour\u00e1v\u00e1n\u00ed b\u00edlkovin a je bohat\u00e1 na vl\u00e1kninu, kter\u00e1 zaji\u0161\u0165uje pocit sytosti.<\/li>\n\n\n\n<li><strong>Extrakt ze semen guarany<\/strong>: Guarana: Siln\u00fd stimulant, kter\u00fd posiluje imunitu, zlep\u0161uje krevn\u00ed ob\u011bh a urychluje oxidaci tuk\u016f.<\/li>\n\n\n\n<li><strong>Extrakt z list\u016f Gymnema sylvestre<\/strong>: Sni\u017euje chu\u0165 na sladk\u00e9 a sni\u017euje vst\u0159eb\u00e1v\u00e1n\u00ed gluk\u00f3zy a tuk\u016f ve st\u0159evech.<\/li>\n\n\n\n<li><strong>Niacin<\/strong>: Pod\u00edl\u00ed se na redoxn\u00edch procesech, podporuje <b>metabolismus<\/b> tukov\u00fdch bun\u011bk a zlep\u0161uje produkci energie.<\/li>\n<\/ul>\n\n\n\n<p>D\u00edky t\u011bmto bohat\u00fdm a <em>p\u0159\u00edrodn\u00edm slo\u017ek\u00e1m<\/em> p\u016fsob\u00ed Weicode komplexn\u011b, p\u0159isp\u00edv\u00e1 ke zdrav\u00e9mu hubnut\u00ed a celkov\u00e9mu zlep\u0161en\u00ed pohody. Ve sv\u00fdch recenz\u00edch u\u017eivatel\u00e9 poznamen\u00e1vaj\u00ed pozitivn\u00ed \u00fa\u010dinky, kter\u00e9 p\u0159in\u00e1\u0161\u00ed <b>pou\u017e\u00edv\u00e1n\u00ed<\/b> v\u00fdrobku.<\/p>\n\n\n\n<h2 class=\"wp-block-heading\">WEICODE cena &#8211; Kde koupit?<\/h2>\n\n\n\n<p>Weicode lze zakoupit pouze na ofici\u00e1ln\u00edch <em>str\u00e1nk\u00e1ch v\u00fdrobce,<\/em> co\u017e zaji\u0161\u0165uje vysok\u00fd standard kvality a eliminuje riziko n\u00e1kupu pad\u011blk\u016f. Pou\u017eit\u00ed t\u00e9to zdrojov\u00e9 str\u00e1nky je d\u016fle\u017eit\u00e9 pro ka\u017ed\u00e9ho, kdo si chce b\u00fdt jist\u00fd, \u017ee kupuje origin\u00e1ln\u00ed v\u00fdrobek. <b>Cena<\/b> Weicode se m\u016f\u017ee m\u011bnit v d\u016fsledku aktu\u00e1ln\u00edch akc\u00ed, co\u017e vytv\u00e1\u0159\u00ed p\u0159\u00edzniv\u00e9 p\u0159\u00edle\u017eitosti pro potenci\u00e1ln\u00ed z\u00e1kazn\u00edky.<\/p>\n\n\n\n<p>Stoj\u00ed za zm\u00ednku, \u017ee Weicode nen\u00ed k dispozici ve stacion\u00e1rn\u00edch l\u00e9k\u00e1rn\u00e1ch, tak\u017ee je vhodn\u00e9 nakupovat pouze v internetov\u00e9m obchod\u011b v\u00fdrobce. Z\u00e1kazn\u00edci se mohou t\u011b\u0161it na r\u016fzn\u00e9 slevy, v\u010detn\u011b promo akc\u00ed a\u017e do v\u00fd\u0161e 50 %. N\u00e1kup je jednoduch\u00fd a vy\u0159\u00edzen\u00ed objedn\u00e1vky rychl\u00e9, co\u017e p\u0159isp\u00edv\u00e1 k pohodl\u00ed transakce.<\/p>\n\n\n\n<p>Souhrnn\u011b \u0159e\u010deno, n\u00e1kupy Weicode prob\u00edhaj\u00ed v\u00fdhradn\u011b na ofici\u00e1ln\u00edch <em>str\u00e1nk\u00e1ch v\u00fdrobce<\/em>. Toto um\u00edst\u011bn\u00ed zaji\u0161\u0165uje, \u017ee z\u00e1kazn\u00edci mohou t\u011b\u017eit z origin\u00e1ln\u00edho produktu a atraktivn\u00edch cen. Bez ohledu na aktu\u00e1ln\u00ed propaga\u010dn\u00ed akce z\u016fst\u00e1v\u00e1 Weicode zaj\u00edmavou mo\u017enost\u00ed pro ty, kte\u0159\u00ed cht\u011bj\u00ed sn\u00ed\u017eit hmotnost bezpe\u010dn\u00fdm zp\u016fsobem.<\/p>\n\n\n\n<h2 class=\"wp-block-heading\">Mo\u017en\u00e9 vedlej\u0161\u00ed \u00fa\u010dinky a kontraindikace pou\u017e\u00edv\u00e1n\u00ed WEICODE<\/h2>\n\n\n\n<p>P\u0159esto\u017ee je Weicode obecn\u011b pova\u017eov\u00e1n za bezpe\u010dn\u00fd dopln\u011bk stravy, je nutn\u00e9 si uv\u011bdomit potenci\u00e1ln\u00ed <b>vedlej\u0161\u00ed \u00fa\u010dinky<\/b>. U u\u017eivatel\u016f se mohou vyskytnout p\u0159\u00edznaky, jako je nevolnost, bolesti hlavy a \u017ealude\u010dn\u00ed probl\u00e9my. Z tohoto d\u016fvodu je vhodn\u00e9 se p\u0159ed zah\u00e1jen\u00edm l\u00e9\u010dby poradit s l\u00e9ka\u0159em, zejm\u00e9na v p\u0159\u00edpad\u011b t\u011bhotenstv\u00ed, kojen\u00ed nebo nezletilosti.<\/p>\n\n\n\n<p><b>Kontraindikace<\/b> u\u017e\u00edv\u00e1n\u00ed p\u0159\u00edpravku WEICODE se t\u00fdkaj\u00ed tak\u00e9 osob se z\u00e1va\u017en\u00fdmi zdravotn\u00edmi pot\u00ed\u017eemi, jako je hypertenze nebo alergick\u00e9 reakce na slo\u017eky p\u0159\u00edpravku. Je t\u0159eba m\u00edt na pam\u011bti, \u017ee u\u017e\u00edv\u00e1n\u00ed kapek m\u016f\u017ee b\u00fdt prosp\u011b\u0161n\u00e9 p\u0159i snaze o sn\u00ed\u017een\u00ed hmotnosti, ale reakce organismu je t\u0159eba pe\u010dliv\u011b sledovat, aby byla zaji\u0161t\u011bna maxim\u00e1ln\u00ed <b>bezpe\u010dnost<\/b>.<\/p>\n\n\n\n<p>Aby se p\u0159ede\u0161lo ne\u017e\u00e1douc\u00edm \u00fa\u010dink\u016fm, doporu\u010duje se pe\u010dliv\u011b dodr\u017eovat pokyny k d\u00e1vkov\u00e1n\u00ed a v p\u0159\u00edpad\u011b pochybnost\u00ed se poradit s odborn\u00edkem. P\u00e9\u010d\u00ed o sv\u00e9 zdrav\u00ed a vyv\u00e1\u017een\u00fdm p\u0159\u00edstupem k l\u00e9\u010db\u011b p\u0159\u00edpravkem Weicode m\u016f\u017eete pln\u011b vyu\u017e\u00edt potenci\u00e1l tohoto p\u0159\u00edpravku.<\/p>\n","protected":false},"excerpt":{"rendered":"<p><strong>[date_countdown]<\/strong><\/p>\n<p><strong><img decoding=\"async\" class=\"alignnone  wp-image-8078\" src=\"https:\/\/www.mojeplazma.cz\/farmacie\/wp-content\/uploads\/2024\/10\/SAFE-PAY-300x88-1.png\" alt=\"SAFE-PAY-300x88\" width=\"154\" height=\"45\" \/><\/strong><\/p>\n","protected":false},"featured_media":4063,"comment_status":"open","ping_status":"closed","template":"","meta":{"neve_meta_sidebar":"","neve_meta_container":"","neve_meta_enable_content_width":"","neve_meta_content_width":0,"neve_meta_title_alignment":"","neve_meta_author_avatar":"","neve_post_elements_order":"","neve_meta_disable_header":"","neve_meta_disable_footer":"","neve_meta_disable_title":"","neve_meta_reading_time":""},"product_brand":[],"product_cat":[18],"product_tag":[],"class_list":{"0":"post-4014","1":"product","2":"type-product","3":"status-publish","4":"has-post-thumbnail","6":"product_cat-hubnuti","8":"first","9":"instock","10":"sale","11":"shipping-taxable","12":"product-type-external"},"yoast_head":"<!-- This site is optimized with the Yoast SEO plugin v27.3 - https:\/\/yoast.com\/product\/yoast-seo-wordpress\/ -->\n<title>Weicode - Recenze, L\u00e9k\u00e1rna, Cena - 50%, F\u00f3rum, \u00da\u010dinky | 2026<\/title>\n<meta name=\"robots\" content=\"index, follow, max-snippet:-1, max-image-preview:large, max-video-preview:-1\" \/>\n<link rel=\"canonical\" href=\"https:\/\/www.mojeplazma.cz\/farmacie\/farmacie\/weicode\/\" \/>\n<meta property=\"og:locale\" content=\"cs_CZ\" \/>\n<meta property=\"og:type\" content=\"article\" \/>\n<meta property=\"og:title\" content=\"Weicode - Recenze, L\u00e9k\u00e1rna, Cena - 50%, F\u00f3rum, \u00da\u010dinky | 2026\" \/>\n<meta property=\"og:url\" content=\"https:\/\/www.mojeplazma.cz\/farmacie\/farmacie\/weicode\/\" \/>\n<meta property=\"og:site_name\" content=\"MojePlazma\" \/>\n<meta property=\"article:modified_time\" content=\"2024-11-16T18:55:51+00:00\" \/>\n<meta property=\"og:image\" content=\"https:\/\/www.mojeplazma.cz\/farmacie\/wp-content\/uploads\/2024\/10\/WEICODE.jpg\" \/>\n\t<meta property=\"og:image:width\" content=\"768\" \/>\n\t<meta property=\"og:image:height\" content=\"768\" \/>\n\t<meta property=\"og:image:type\" content=\"image\/jpeg\" \/>\n<meta name=\"twitter:card\" content=\"summary_large_image\" \/>\n<meta name=\"twitter:description\" content=\"[date_countdown]\" \/>\n<meta name=\"twitter:label1\" content=\"Odhadovan\u00e1 doba \u010dten\u00ed\" \/>\n\t<meta name=\"twitter:data1\" content=\"6 minut\" \/>\n<script type=\"application\/ld+json\" class=\"yoast-schema-graph\">{\"@context\":\"https:\\\/\\\/schema.org\",\"@graph\":[{\"@type\":\"WebPage\",\"@id\":\"https:\\\/\\\/www.mojeplazma.cz\\\/farmacie\\\/farmacie\\\/weicode\\\/\",\"url\":\"https:\\\/\\\/www.mojeplazma.cz\\\/farmacie\\\/farmacie\\\/weicode\\\/\",\"name\":\"Weicode - Recenze, L\u00e9k\u00e1rna, Cena - 50%, F\u00f3rum, \u00da\u010dinky | 2026\",\"isPartOf\":{\"@id\":\"https:\\\/\\\/www.mojeplazma.cz\\\/farmacie\\\/#website\"},\"primaryImageOfPage\":{\"@id\":\"https:\\\/\\\/www.mojeplazma.cz\\\/farmacie\\\/farmacie\\\/weicode\\\/#primaryimage\"},\"image\":{\"@id\":\"https:\\\/\\\/www.mojeplazma.cz\\\/farmacie\\\/farmacie\\\/weicode\\\/#primaryimage\"},\"thumbnailUrl\":\"https:\\\/\\\/www.mojeplazma.cz\\\/farmacie\\\/wp-content\\\/uploads\\\/2024\\\/10\\\/WEICODE.jpg\",\"datePublished\":\"2024-10-10T16:26:38+00:00\",\"dateModified\":\"2024-11-16T18:55:51+00:00\",\"breadcrumb\":{\"@id\":\"https:\\\/\\\/www.mojeplazma.cz\\\/farmacie\\\/farmacie\\\/weicode\\\/#breadcrumb\"},\"inLanguage\":\"cs\",\"potentialAction\":[{\"@type\":\"ReadAction\",\"target\":[\"https:\\\/\\\/www.mojeplazma.cz\\\/farmacie\\\/farmacie\\\/weicode\\\/\"]}]},{\"@type\":\"ImageObject\",\"inLanguage\":\"cs\",\"@id\":\"https:\\\/\\\/www.mojeplazma.cz\\\/farmacie\\\/farmacie\\\/weicode\\\/#primaryimage\",\"url\":\"https:\\\/\\\/www.mojeplazma.cz\\\/farmacie\\\/wp-content\\\/uploads\\\/2024\\\/10\\\/WEICODE.jpg\",\"contentUrl\":\"https:\\\/\\\/www.mojeplazma.cz\\\/farmacie\\\/wp-content\\\/uploads\\\/2024\\\/10\\\/WEICODE.jpg\",\"width\":768,\"height\":768},{\"@type\":\"BreadcrumbList\",\"@id\":\"https:\\\/\\\/www.mojeplazma.cz\\\/farmacie\\\/farmacie\\\/weicode\\\/#breadcrumb\",\"itemListElement\":[{\"@type\":\"ListItem\",\"position\":1,\"name\":\"Strona g\u0142\u00f3wna\",\"item\":\"https:\\\/\\\/www.mojeplazma.cz\\\/farmacie\\\/\"},{\"@type\":\"ListItem\",\"position\":2,\"name\":\"farmacie\",\"item\":\"https:\\\/\\\/www.mojeplazma.cz\\\/farmacie\\\/\"},{\"@type\":\"ListItem\",\"position\":3,\"name\":\"Weicode\"}]},{\"@type\":\"WebSite\",\"@id\":\"https:\\\/\\\/www.mojeplazma.cz\\\/farmacie\\\/#website\",\"url\":\"https:\\\/\\\/www.mojeplazma.cz\\\/farmacie\\\/\",\"name\":\"mojeplazma.cz\",\"description\":\"\",\"potentialAction\":[{\"@type\":\"SearchAction\",\"target\":{\"@type\":\"EntryPoint\",\"urlTemplate\":\"https:\\\/\\\/www.mojeplazma.cz\\\/farmacie\\\/?s={search_term_string}\"},\"query-input\":{\"@type\":\"PropertyValueSpecification\",\"valueRequired\":true,\"valueName\":\"search_term_string\"}}],\"inLanguage\":\"cs\"}]}<\/script>\n<!-- \/ Yoast SEO plugin. -->","yoast_head_json":{"title":"Weicode - Recenze, L\u00e9k\u00e1rna, Cena - 50%, F\u00f3rum, \u00da\u010dinky | 2026","robots":{"index":"index","follow":"follow","max-snippet":"max-snippet:-1","max-image-preview":"max-image-preview:large","max-video-preview":"max-video-preview:-1"},"canonical":"https:\/\/www.mojeplazma.cz\/farmacie\/farmacie\/weicode\/","og_locale":"cs_CZ","og_type":"article","og_title":"Weicode - Recenze, L\u00e9k\u00e1rna, Cena - 50%, F\u00f3rum, \u00da\u010dinky | 2026","og_url":"https:\/\/www.mojeplazma.cz\/farmacie\/farmacie\/weicode\/","og_site_name":"MojePlazma","article_modified_time":"2024-11-16T18:55:51+00:00","og_image":[{"width":768,"height":768,"url":"https:\/\/www.mojeplazma.cz\/farmacie\/wp-content\/uploads\/2024\/10\/WEICODE.jpg","type":"image\/jpeg"}],"twitter_card":"summary_large_image","twitter_description":"[date_countdown]","twitter_misc":{"Odhadovan\u00e1 doba \u010dten\u00ed":"6 minut"},"schema":{"@context":"https:\/\/schema.org","@graph":[{"@type":"WebPage","@id":"https:\/\/www.mojeplazma.cz\/farmacie\/farmacie\/weicode\/","url":"https:\/\/www.mojeplazma.cz\/farmacie\/farmacie\/weicode\/","name":"Weicode - Recenze, L\u00e9k\u00e1rna, Cena - 50%, F\u00f3rum, \u00da\u010dinky | 2026","isPartOf":{"@id":"https:\/\/www.mojeplazma.cz\/farmacie\/#website"},"primaryImageOfPage":{"@id":"https:\/\/www.mojeplazma.cz\/farmacie\/farmacie\/weicode\/#primaryimage"},"image":{"@id":"https:\/\/www.mojeplazma.cz\/farmacie\/farmacie\/weicode\/#primaryimage"},"thumbnailUrl":"https:\/\/www.mojeplazma.cz\/farmacie\/wp-content\/uploads\/2024\/10\/WEICODE.jpg","datePublished":"2024-10-10T16:26:38+00:00","dateModified":"2024-11-16T18:55:51+00:00","breadcrumb":{"@id":"https:\/\/www.mojeplazma.cz\/farmacie\/farmacie\/weicode\/#breadcrumb"},"inLanguage":"cs","potentialAction":[{"@type":"ReadAction","target":["https:\/\/www.mojeplazma.cz\/farmacie\/farmacie\/weicode\/"]}]},{"@type":"ImageObject","inLanguage":"cs","@id":"https:\/\/www.mojeplazma.cz\/farmacie\/farmacie\/weicode\/#primaryimage","url":"https:\/\/www.mojeplazma.cz\/farmacie\/wp-content\/uploads\/2024\/10\/WEICODE.jpg","contentUrl":"https:\/\/www.mojeplazma.cz\/farmacie\/wp-content\/uploads\/2024\/10\/WEICODE.jpg","width":768,"height":768},{"@type":"BreadcrumbList","@id":"https:\/\/www.mojeplazma.cz\/farmacie\/farmacie\/weicode\/#breadcrumb","itemListElement":[{"@type":"ListItem","position":1,"name":"Strona g\u0142\u00f3wna","item":"https:\/\/www.mojeplazma.cz\/farmacie\/"},{"@type":"ListItem","position":2,"name":"farmacie","item":"https:\/\/www.mojeplazma.cz\/farmacie\/"},{"@type":"ListItem","position":3,"name":"Weicode"}]},{"@type":"WebSite","@id":"https:\/\/www.mojeplazma.cz\/farmacie\/#website","url":"https:\/\/www.mojeplazma.cz\/farmacie\/","name":"mojeplazma.cz","description":"","potentialAction":[{"@type":"SearchAction","target":{"@type":"EntryPoint","urlTemplate":"https:\/\/www.mojeplazma.cz\/farmacie\/?s={search_term_string}"},"query-input":{"@type":"PropertyValueSpecification","valueRequired":true,"valueName":"search_term_string"}}],"inLanguage":"cs"}]}},"_links":{"self":[{"href":"https:\/\/www.mojeplazma.cz\/farmacie\/wp-json\/wp\/v2\/product\/4014","targetHints":{"allow":["GET"]}}],"collection":[{"href":"https:\/\/www.mojeplazma.cz\/farmacie\/wp-json\/wp\/v2\/product"}],"about":[{"href":"https:\/\/www.mojeplazma.cz\/farmacie\/wp-json\/wp\/v2\/types\/product"}],"replies":[{"embeddable":true,"href":"https:\/\/www.mojeplazma.cz\/farmacie\/wp-json\/wp\/v2\/comments?post=4014"}],"wp:featuredmedia":[{"embeddable":true,"href":"https:\/\/www.mojeplazma.cz\/farmacie\/wp-json\/wp\/v2\/media\/4063"}],"wp:attachment":[{"href":"https:\/\/www.mojeplazma.cz\/farmacie\/wp-json\/wp\/v2\/media?parent=4014"}],"wp:term":[{"taxonomy":"product_brand","embeddable":true,"href":"https:\/\/www.mojeplazma.cz\/farmacie\/wp-json\/wp\/v2\/product_brand?post=4014"},{"taxonomy":"product_cat","embeddable":true,"href":"https:\/\/www.mojeplazma.cz\/farmacie\/wp-json\/wp\/v2\/product_cat?post=4014"},{"taxonomy":"product_tag","embeddable":true,"href":"https:\/\/www.mojeplazma.cz\/farmacie\/wp-json\/wp\/v2\/product_tag?post=4014"}],"curies":[{"name":"wp","href":"https:\/\/api.w.org\/{rel}","templated":true}]}}