{"id":4022,"date":"2024-10-10T16:26:38","date_gmt":"2024-10-10T16:26:38","guid":{"rendered":"https:\/\/www.mojeplazma.cz\/farmacie\/?post_type=product&#038;p=4022"},"modified":"2024-11-16T18:40:51","modified_gmt":"2024-11-16T18:40:51","slug":"trichomist-forte","status":"publish","type":"product","link":"https:\/\/www.mojeplazma.cz\/farmacie\/farmacie\/trichomist-forte\/","title":{"rendered":"Trichomist Forte"},"content":{"rendered":"\n<h2 class=\"wp-block-heading\">Co je Trichomist Forte a jak funguje?<\/h2>\n\n\n\n<p>Trichomist Forte je inovativn\u00ed <b>dopln\u011bk stravy<\/b> pro lidi, kte\u0159\u00ed bojuj\u00ed s vypad\u00e1v\u00e1n\u00edm vlas\u016f a pot\u0159ebuj\u00ed zlep\u0161it stav poko\u017eky hlavy. P\u0159\u00edpravek je navr\u017een tak, aby podporoval r\u016fst vlas\u016f dod\u00e1v\u00e1n\u00edm z\u00e1kladn\u00edch \u017eivin do vlasov\u00fdch folikul\u016f.<\/p>\n\n\n\n<p><b>P\u016fsoben\u00ed p\u0159\u00edpravku<\/b> Trichomist Forte je zalo\u017eeno na p\u0159\u00edrodn\u00edch slo\u017ek\u00e1ch, jako je extrakt z kop\u0159ivy, biotin a keratin. Tyto l\u00e1tky <b>vlasy<\/b> vy\u017eivuj\u00ed, posiluj\u00ed a potla\u010duj\u00ed <b>jejich<\/b> vypad\u00e1v\u00e1n\u00ed. Zlep\u0161en\u00edm prokrven\u00ed vlasov\u00e9 poko\u017eky Trichomist Forte \u00fa\u010dinn\u011b stimuluje vlasov\u00e9 folikuly, co\u017e p\u0159isp\u00edv\u00e1 ke zv\u00fd\u0161en\u00ed hustoty vlas\u016f.<\/p>\n\n\n\n<p>V\u00fdrobce zd\u016fraz\u0148uje, \u017ee <b>u\u017e\u00edv\u00e1n\u00ed<\/b> p\u0159\u00edpravku je prakticky bez rizika vedlej\u0161\u00edch \u00fa\u010dink\u016f. Pravideln\u00e9 pou\u017e\u00edv\u00e1n\u00ed p\u0159\u00edpravku Trichomist Forte m\u016f\u017ee v\u00fdrazn\u011b zlep\u0161it vzhled a stav vlas\u016f a m\u00e1 tak\u00e9 pozitivn\u00ed vliv na sebev\u011bdom\u00ed u\u017eivatel\u016f.<\/p>\n\n\n\n<p>V roce 2023 d\u00edky p\u0159\u00edpravku Trichomist Forte mnoho lid\u00ed zaznamenalo v\u00fdrazn\u00e9 zlep\u0161en\u00ed hustoty vlas\u016f a celkov\u00e9ho vzhledu. U\u017eivatel\u00e9 na internetov\u00fdch f\u00f3rech chv\u00e1l\u00ed <b>\u00fa\u010dinky<\/b> dopl\u0148ku a jeho snadnou dostupnost, kterou zaji\u0161\u0165uj\u00ed ofici\u00e1ln\u00ed webov\u00e9 str\u00e1nky v\u00fdrobce.<\/p>\n\n\n\n<figure class=\"wp-block-table\"><table class=\"has-fixed-layout\"><tbody><tr><th>Slo\u017een\u00ed<\/th><th>P\u0159\u00ednosy<\/th><\/tr><tr><td>Extrakt z kop\u0159ivy<\/td><td>Posiluje <b>vlasy<\/b>, zabra\u0148uje <b>jejich<\/b> vypad\u00e1v\u00e1n\u00ed<\/td><\/tr><tr><td>Biotin<\/td><td>Zlep\u0161uje stav vlas\u016f, stimuluje jejich r\u016fst<\/td><\/tr><tr><td>Keratin<\/td><td>Posiluje strukturu vlas\u016f, dod\u00e1v\u00e1 jim lesk<\/td><\/tr><\/tbody><\/table><\/figure>\n\n\n\n<h2 class=\"wp-block-heading\">\u00da\u010dinky p\u0159\u00edpravku Trichomist Forte<\/h2>\n\n\n\n<p>Pravideln\u00e9 <b>pou\u017e\u00edv\u00e1n\u00ed p\u0159\u00edpravku<\/b> Trichomist Forte vede k \u0159ad\u011b pozitivn\u00edch <em>\u00fa\u010dink\u016f<\/em>, kter\u00e9 v\u00fdrazn\u011b ovliv\u0148uj\u00ed stav vlas\u016f i poko\u017eky hlavy. D\u00edky jedine\u010dn\u00e9mu slo\u017een\u00ed na b\u00e1zi p\u0159\u00edrodn\u00edch slo\u017eek mohou u\u017eivatel\u00e9 o\u010dek\u00e1vat v\u00fdrazn\u00e9 <em>zlep\u0161en\u00ed stavu<\/em> sv\u00fdch vlas\u016f.<\/p>\n\n\n\n<ul class=\"wp-block-list\">\n<li><em>Pos\u00edlen\u00ed vlas\u016f<\/em> a prevence jejich vypad\u00e1v\u00e1n\u00ed jsou hlavn\u00edmi benefity, kter\u00e9 pom\u00e1haj\u00ed omezit ka\u017edodenn\u00ed vypad\u00e1v\u00e1n\u00ed vlas\u016f.<\/li>\n\n\n\n<li><em>Zlep\u0161en\u00ed stavu poko\u017eky hlavy<\/em> sni\u017euje probl\u00e9my, jako jsou lupy a nadm\u011brn\u00e9 sv\u011bd\u011bn\u00ed.<\/li>\n\n\n\n<li><em>Stimulace r\u016fstu nov\u00fdch vlas\u016f<\/em> vede k hust\u0161\u00edmu \u00fa\u010desu, co\u017e je d\u016fle\u017eit\u00e9 zejm\u00e9na pro osoby s \u0159\u00eddnouc\u00edmi vlasy.<\/li>\n\n\n\n<li><em>Hydratace a v\u00fd\u017eiva<\/em> jsou <b>\u00fa\u010dinky,<\/b> kter\u00e9 p\u0159in\u00e1\u0161ej\u00ed \u00falevu po\u0161kozen\u00fdm pramen\u016fm a zlep\u0161uj\u00ed jejich vzhled a strukturu.<\/li>\n\n\n\n<li><em>Sn\u00ed\u017een\u00ed l\u00e1mavosti<\/em> a rozt\u0159epen\u00fdch kone\u010dk\u016f jsou dal\u0161\u00edmi pozitivn\u00edmi <b>\u00fa\u010dinky,<\/b> kter\u00e9 p\u0159isp\u00edvaj\u00ed ke snadn\u011bj\u0161\u00ed \u00faprav\u011b vlas\u016f.<\/li>\n<\/ul>\n\n\n\n<p>\u00da\u010dinky p\u0159\u00edpravku Trichomist Forte jsou v\u00fdsledkem p\u016fsoben\u00ed p\u0159\u00edrodn\u00edch slo\u017eek, jako je d-panthenol, rozmar\u00fdnov\u00fd extrakt a biotin, kter\u00e9 posiluj\u00ed ko\u0159\u00ednky a stimuluj\u00ed r\u016fst vlas\u016f. Pravideln\u00e9 <b>pou\u017e\u00edv\u00e1n\u00ed<\/b> p\u0159\u00edpravku nav\u00edc m\u016f\u017ee m\u00edt pozitivn\u00ed vliv na celkov\u00fd stav vlasov\u00e9 poko\u017eky, kter\u00e1 je kl\u00ed\u010dov\u00fdm prvkem pro zdrav\u00fd r\u016fst vlas\u016f.<\/p>\n\n\n\n<h2 class=\"wp-block-heading\">Jak pou\u017e\u00edvat p\u0159\u00edpravek Trichomist Forte? &#8211; D\u00e1vkov\u00e1n\u00ed a doporu\u010den\u00ed<\/h2>\n\n\n\n<p>Pro dosa\u017een\u00ed nejlep\u0161\u00edch v\u00fdsledk\u016f p\u0159i pou\u017e\u00edv\u00e1n\u00ed p\u0159\u00edpravku Trichomist Forte se doporu\u010duje dodr\u017eovat pokyny v\u00fdrobce. Kl\u00ed\u010dov\u00fdm aspektem je pravideln\u00e9 <b>d\u00e1vkov\u00e1n\u00ed<\/b> p\u0159\u00edpravku, aby se maximalizovaly jeho vlastnosti. Sprej je nejlep\u0161\u00ed aplikovat na \u010distou a suchou poko\u017eku hlavy, aby se zajistilo hlubok\u00e9 proniknut\u00ed cenn\u00fdch \u017eivin.<\/p>\n\n\n\n<p>V z\u00e1vislosti na pot\u0159eb\u00e1ch u\u017eivatele v\u011bt\u0161ina odborn\u00edk\u016f doporu\u010duje pou\u017e\u00edvat p\u0159\u00edpravek Trichomist Forte dvakr\u00e1t denn\u011b. P\u0159i pravidelnosti mohou u\u017eivatel\u00e9 \u00fasp\u011b\u0161n\u011b pozorovat pokrok a zlep\u0161en\u00ed stavu vlas\u016f. Kl\u00ed\u010dov\u00e1 <b>doporu\u010den\u00ed pro<\/b> d\u00e1vkov\u00e1n\u00ed jsou n\u00e1sleduj\u00edc\u00ed:<\/p>\n\n\n\n<ul class=\"wp-block-list\">\n<li>Aplikace na \u010distou poko\u017eku hlavy.<\/li>\n\n\n\n<li>Jemn\u00e9 vmas\u00edrov\u00e1n\u00ed p\u0159\u00edpravku do poko\u017eky hlavy.<\/li>\n\n\n\n<li>Pravidelnost aplikace, ide\u00e1ln\u011b dvakr\u00e1t denn\u011b.<\/li>\n<\/ul>\n\n\n\n<p>Dodr\u017eov\u00e1n\u00ed t\u011bchto pravidel usnad\u0148uje dosa\u017een\u00ed po\u017eadovan\u00fdch v\u00fdsledk\u016f. Je tak\u00e9 t\u0159eba m\u00edt na pam\u011bti, \u017ee v\u00fdsledky se nedostav\u00ed okam\u017eit\u011b, proto bu\u010fte trp\u011bliv\u00ed. Systematick\u00e1 aplikace p\u0159\u00edpravku Trichomist Forte m\u016f\u017ee p\u0159isp\u011bt ke znateln\u00e9mu zlep\u0161en\u00ed struktury a zdrav\u00ed vlas\u016f. Hlavn\u00edm \u00fa\u010delem pou\u017e\u00edv\u00e1n\u00ed tohoto p\u0159\u00edpravku je podpora udr\u017een\u00ed stavu vlas\u016f a poko\u017eky hlavy.<\/p>\n\n\n\n<figure class=\"wp-block-table\"><table class=\"has-fixed-layout\"><tbody><tr><th>Doporu\u010den\u00ed<\/th><th>Popis<\/th><\/tr><tr><td>Pou\u017eit\u00ed<\/td><td>Naneste na \u010distou poko\u017eku hlavy, jemn\u011b vmas\u00edrujte.<\/td><\/tr><tr><td><b>D\u00e1vkov\u00e1n\u00ed<\/b><\/td><td>Aplikujte dvakr\u00e1t denn\u011b.<\/td><\/tr><tr><td>Pravidelnost<\/td><td>Pro dosa\u017een\u00ed lep\u0161\u00edch v\u00fdsledk\u016f pou\u017e\u00edvejte systematicky.<\/td><\/tr><\/tbody><\/table><\/figure>\n\n\n\n<p>Nezapome\u0148te, \u017ee v\u00fdsledky z\u00e1vis\u00ed na individu\u00e1ln\u00edch t\u011blesn\u00fdch vlastnostech a stavu vlas\u016f a poko\u017eky hlavy. Doporu\u010duje se tak\u00e9 doplnit l\u00e9\u010dbu zdravou stravou a pravidelnou hygienou vlasov\u00e9 poko\u017eky.<\/p>\n\n\n\n<h2 class=\"wp-block-heading\">Recenze a n\u00e1zory na p\u0159\u00edpravek Trichomist Forte<\/h2>\n\n\n\n<p><b>N\u00e1zory<\/b> u\u017eivatel\u016f Trichomist Forte se zna\u010dn\u011b li\u0161\u00ed, ale mnoho lid\u00ed zaznamenalo jasn\u00e9 <em>v\u00fdsledky<\/em> pou\u017e\u00edv\u00e1n\u00ed tohoto dopl\u0148ku. N\u00ed\u017ee jsou uvedeny n\u011bkter\u00e9 podrobn\u00e9 recenze:<\/p>\n\n\n\n<blockquote class=\"wp-block-quote is-layout-flow wp-block-quote-is-layout-flow\">\n<p><strong>Anna:<\/strong> &#8222;Pravideln\u00e9 pou\u017e\u00edv\u00e1n\u00ed p\u0159\u00edpravku Trichomist Forte zlep\u0161ilo stav m\u00fdch vlas\u016f. Jsou siln\u011bj\u0161\u00ed a zdrav\u011bj\u0161\u00ed. V\u0161imla jsem si, \u017ee mi <b>vlasy<\/b> p\u0159estaly vypad\u00e1vat tak intenzivn\u011b jako d\u0159\u00edve, co\u017e mi v\u00fdrazn\u011b zlep\u0161ilo n\u00e1ladu. V\u0159ele doporu\u010duji!&#8220;<\/p>\n<\/blockquote>\n\n\n\n<blockquote class=\"wp-block-quote is-layout-flow wp-block-quote-is-layout-flow\">\n<p><strong>Kasia:<\/strong> &#8222;Po n\u011bkolika t\u00fddnech jsem zaznamenala obrovsk\u00e9 zlep\u0161en\u00ed &#8211; vlasy jsou leskl\u00e9 a hust\u00e9 a <b>poko\u017eka hlavy<\/b> je zdrav\u00e1. Jsem r\u00e1da, \u017ee pou\u017e\u00edv\u00e1m Trichomist Forte, proto\u017ee \u00fa\u010dinky jsou viditeln\u00e9. V\u00fdrobek m\u00e1 nav\u00edc p\u0159\u00edjemnou v\u016fni.&#8220;<\/p>\n<\/blockquote>\n\n\n\n<blockquote class=\"wp-block-quote is-layout-flow wp-block-quote-is-layout-flow\">\n<p><strong>Michal:<\/strong> &#8222;Nev\u011b\u0159il jsem, \u017ee dopln\u011bk stravy dok\u00e1\u017ee tolik, ale \u00fa\u010dinky jsou viditeln\u00e9. M\u00e9 vlasy jsou kvalitn\u011bj\u0161\u00ed a vypad\u00e1v\u00e1n\u00ed vlas\u016f se rozhodn\u011b sn\u00ed\u017eilo. Trichomist Forte je skv\u011blou volbou pro ka\u017ed\u00e9ho, kdo se pot\u00fdk\u00e1 s \u0159\u00eddnut\u00edm vlas\u016f.&#8220;<\/p>\n<\/blockquote>\n\n\n\n<p>R\u016fznorod\u00e9 <em>recenze<\/em> ukazuj\u00ed, \u017ee p\u0159\u00edpravek Trichomist Forte m\u00e1 potenci\u00e1l zlep\u0161it stav vlas\u016f a zdrav\u00ed poko\u017eky hlavy, p\u0159i\u010dem\u017e mnoho u\u017eivatel\u016f p\u0159i pravideln\u00e9m u\u017e\u00edv\u00e1n\u00ed vid\u00ed pozitivn\u00ed <em>v\u00fdsledky<\/em>. To vyb\u00edz\u00ed lidi, aby vyzkou\u0161eli tento dopln\u011bk jako podporu p\u0159i \u0159e\u0161en\u00ed vypad\u00e1v\u00e1n\u00ed vlas\u016f a celkov\u00e9ho stavu vlas\u016f.<\/p>\n\n\n\n<h2 class=\"wp-block-heading\">Trichomist Forte &#8211; Slo\u017een\u00ed &#8211; Anal\u00fdza slo\u017eek<\/h2>\n\n\n\n<p>Trichomist Forte je <b>dopln\u011bk stravy<\/b>, kter\u00fd obsahuje pe\u010dliv\u011b vybran\u00e9 <b>slo\u017een\u00ed<\/b> na podporu zdrav\u00ed vlas\u016f a poko\u017eky hlavy. V <em>anal\u00fdze<\/em> slo\u017een\u00ed si v\u0161imnete p\u0159\u00edtomnosti mnoha p\u0159\u00edrodn\u00edch slo\u017eek, kter\u00e9 maj\u00ed pozitivn\u00ed vliv na stav a vzhled vlas\u016f.<\/p>\n\n\n\n<ul class=\"wp-block-list\">\n<li><strong>Extrakt z kop\u0159ivy<\/strong> &#8211; podporuje r\u016fst a<strong>v\u00fd\u017eivu<\/strong> vlas\u016f d\u00edky sv\u00fdm regenera\u010dn\u00edm vlastnostem.<\/li>\n\n\n\n<li><strong>Biotin<\/strong> &#8211; z\u00e1sadn\u00ed pro spr\u00e1vn\u00fd r\u016fst vlas\u016f a zdrav\u00ed vlasov\u00e9 poko\u017eky, pom\u00e1h\u00e1 posilovat vlasy.<\/li>\n\n\n\n<li><strong>Keratin<\/strong> &#8211; b\u00edlkovina, kter\u00e1 posiluje strukturu vlas\u016f a dod\u00e1v\u00e1 jim pru\u017enost a hladkost.<\/li>\n\n\n\n<li><strong>Kofein<\/strong> &#8211; stimuluje krevn\u00ed ob\u011bh ve vlasov\u00e9 poko\u017ece, co\u017e podporuje pos\u00edlen\u00ed vlasov\u00fdch folikul\u016f.<\/li>\n<\/ul>\n\n\n\n<p>V\u0161echny tyto slo\u017eky tvo\u0159\u00ed synergickou kombinaci, kter\u00e1 \u00fa\u010dinn\u011b podporuje zdrav\u00ed vlas\u016f. Pravideln\u00e9 u\u017e\u00edv\u00e1n\u00ed p\u0159\u00edpravku Trichomist Forte m\u016f\u017ee p\u0159isp\u011bt k v\u00fdrazn\u00e9mu zlep\u0161en\u00ed jejich stavu, co\u017e potvrzuj\u00ed i pozitivn\u00ed <em>ohlasy<\/em> u\u017eivatel\u016f \u017eij\u00edc\u00edch na zdrav\u00e9 strav\u011b. Stoj\u00ed za zm\u00ednku, \u017ee <b>p\u0159\u00edrodn\u00ed slo\u017eky<\/b> pou\u017eit\u00e9 ve v\u00fdrobku jsou kl\u00ed\u010dov\u00e9 v \u00fasil\u00ed o zdrav\u00e9 a kr\u00e1sn\u00e9 vlasy.<\/p>\n\n\n\n<p><b>Anal\u00fdza<\/b> slo\u017eek p\u0159\u00edpravku Trichomist Forte ukazuje v\u00fdznam <b>p\u0159\u00edrodn\u00edch slo\u017eek<\/b> v p\u00e9\u010di o zdrav\u00ed vlas\u016f. Tento p\u0159\u00edstup je d\u016fvodem, pro\u010d je v\u00fdrobek d\u016fv\u011bryhodn\u00fd a oce\u0148ovan\u00fd u\u017eivateli po cel\u00e9m sv\u011bt\u011b.<\/p>\n\n\n\n<h2 class=\"wp-block-heading\">Trichomist Forte cena &#8211; Kde koupit?<\/h2>\n\n\n\n<p>Trichomist Forte je <b>dopln\u011bk stravy<\/b>, kter\u00fd lze zakoupit pouze na ofici\u00e1ln\u00edch <em>str\u00e1nk\u00e1ch v\u00fdrobce<\/em>. V sou\u010dasn\u00e9 dob\u011b v\u00fdrobce nab\u00edz\u00ed propaga\u010dn\u00ed akce, kter\u00e9 mohou b\u00fdt a\u017e 50%. Je velmi d\u016fle\u017eit\u00e9 vyhnout se n\u00e1kupu z popul\u00e1rn\u00edch n\u00e1kupn\u00edch platforem, proto\u017ee <em>distribuce do l\u00e9k\u00e1ren byla p\u0159eru\u0161ena,<\/em> aby se chr\u00e1nila p\u0159ed pad\u011blky. N\u00e1kupem p\u0159\u00edmo od ofici\u00e1ln\u00edho v\u00fdrobce maj\u00ed u\u017eivatel\u00e9 jistotu, \u017ee obdr\u017e\u00ed origin\u00e1ln\u00ed v\u00fdrobek.<\/p>\n\n\n\n<ul class=\"wp-block-list\">\n<li>N\u00e1kup z ofici\u00e1ln\u00edch str\u00e1nek zaru\u010duje pravost v\u00fdrobku.<\/li>\n\n\n\n<li>Speci\u00e1ln\u00ed nab\u00eddky u\u0161et\u0159\u00ed a\u017e 50 % ceny.<\/li>\n\n\n\n<li>Nevhodn\u00e9 zdroje mohou nab\u00edzet nekvalitn\u00ed v\u00fdrobky s rizikem n\u00e1kupu pad\u011blk\u016f.<\/li>\n<\/ul>\n\n\n\n<p>Doporu\u010dujeme pravideln\u011b nav\u0161t\u011bvovat webov\u00e9 str\u00e1nky v\u00fdrobce, abyste m\u011bli p\u0159ehled o aktu\u00e1ln\u00edch akc\u00edch a slev\u00e1ch. D\u00edky slevov\u00fdm nab\u00eddk\u00e1m a mo\u017enosti platby na dob\u00edrku je nakupov\u00e1n\u00ed pohodln\u00e9 a bezpe\u010dn\u00e9.<\/p>\n\n\n\n<p>Investice do zdrav\u00ed a kr\u00e1sy va\u0161ich vlas\u016f s Trichomist Forte za\u010d\u00edn\u00e1 n\u00e1kupem ze spolehliv\u00e9ho zdroje. <em>Origin\u00e1ln\u00ed v\u00fdrobek<\/em> je kl\u00ed\u010dem k \u00fasp\u011bchu v boji proti probl\u00e9m\u016fm s vlasy.<\/p>\n\n\n\n<h2 class=\"wp-block-heading\">Trichomist Forte &#8211; Mo\u017en\u00e9 ne\u017e\u00e1douc\u00ed \u00fa\u010dinky a kontraindikace pou\u017eit\u00ed<\/h2>\n\n\n\n<p>Trichomist Forte je citliv\u00fd dopln\u011bk stravy, kter\u00fd je obecn\u011b dob\u0159e sn\u00e1\u0161en v\u011bt\u0161inou u\u017eivatel\u016f. Jako u ka\u017ed\u00e9ho p\u0159\u00edpravku se v\u0161ak mohou vyskytnout n\u011bkter\u00e9 <strong>ne\u017e\u00e1douc\u00ed \u00fa\u010dinky<\/strong>. Obzvl\u00e1\u0161t\u011b opatrn\u00ed by m\u011bli b\u00fdt lid\u00e9, kte\u0159\u00ed jsou citliv\u00ed na slo\u017eky p\u0159\u00edpravku Trichomist Forte, proto\u017ee u nich m\u016f\u017ee doj\u00edt k alergick\u00e9 reakci na slo\u017eky p\u0159\u00edpravku. Z tohoto d\u016fvodu se p\u0159ed zah\u00e1jen\u00edm u\u017e\u00edv\u00e1n\u00ed dopl\u0148k\u016f doporu\u010duje prov\u00e9st test na alergii.<\/p>\n\n\n\n<p>Je tak\u00e9 nesm\u00edrn\u011b d\u016fle\u017eit\u00e9 v\u011bnovat pozornost <strong>kontraindikac\u00edm<\/strong>. Trichomist Forte se nedoporu\u010duje t\u011bhotn\u00fdm a koj\u00edc\u00edm \u017een\u00e1m. V takov\u00fdch p\u0159\u00edpadech je vhodn\u00e9 poradit se s l\u00e9ka\u0159em, aby bylo zaji\u0161t\u011bno, \u017ee je suplementace bezpe\u010dn\u00e1 a nebude m\u00edt nep\u0159\u00edzniv\u00fd vliv na zdrav\u00ed matky a d\u00edt\u011bte.<\/p>\n\n\n\n<p>Navzdory mo\u017en\u00fdm <strong>ne\u017e\u00e1douc\u00edm \u00fa\u010dink\u016fm<\/strong> a <strong>kontraindikac\u00edm<\/strong> je Trichomist Forte mezi u\u017eivateli vysoce cen\u011bn, co\u017e nazna\u010duje, \u017ee p\u0159\u00ednosy jeho u\u017e\u00edv\u00e1n\u00ed mohou p\u0159ev\u00e1\u017eit nad p\u0159\u00edpadn\u00fdmi riziky. V\u017edy je v\u0161ak vhodn\u00e9 p\u0159istupovat k suplementaci s opatrnost\u00ed a pat\u0159i\u010dn\u00fdmi znalostmi.<\/p>\n","protected":false},"excerpt":{"rendered":"<p><strong>[date_countdown]<\/strong><\/p>\n<p><strong><img decoding=\"async\" class=\"alignnone  wp-image-8078\" src=\"https:\/\/www.mojeplazma.cz\/farmacie\/wp-content\/uploads\/2024\/10\/SAFE-PAY-300x88-1.png\" alt=\"SAFE-PAY-300x88\" width=\"154\" height=\"45\" \/><\/strong><\/p>\n","protected":false},"featured_media":4071,"comment_status":"open","ping_status":"closed","template":"","meta":{"neve_meta_sidebar":"","neve_meta_container":"","neve_meta_enable_content_width":"","neve_meta_content_width":0,"neve_meta_title_alignment":"","neve_meta_author_avatar":"","neve_post_elements_order":"","neve_meta_disable_header":"","neve_meta_disable_footer":"","neve_meta_disable_title":"","neve_meta_reading_time":""},"product_brand":[],"product_cat":[16],"product_tag":[],"class_list":{"0":"post-4022","1":"product","2":"type-product","3":"status-publish","4":"has-post-thumbnail","6":"product_cat-krasa","8":"first","9":"instock","10":"sale","11":"shipping-taxable","12":"product-type-external"},"yoast_head":"<!-- This site is optimized with the Yoast SEO plugin v27.3 - https:\/\/yoast.com\/product\/yoast-seo-wordpress\/ -->\n<title>Trichomist Forte - Recenze, L\u00e9k\u00e1rna, Cena - 50%, F\u00f3rum, \u00da\u010dinky | 2026<\/title>\n<meta name=\"robots\" content=\"index, follow, max-snippet:-1, max-image-preview:large, max-video-preview:-1\" \/>\n<link rel=\"canonical\" href=\"https:\/\/www.mojeplazma.cz\/farmacie\/farmacie\/trichomist-forte\/\" \/>\n<meta property=\"og:locale\" content=\"cs_CZ\" \/>\n<meta property=\"og:type\" content=\"article\" \/>\n<meta property=\"og:title\" content=\"Trichomist Forte - Recenze, L\u00e9k\u00e1rna, Cena - 50%, F\u00f3rum, \u00da\u010dinky | 2026\" \/>\n<meta property=\"og:url\" content=\"https:\/\/www.mojeplazma.cz\/farmacie\/farmacie\/trichomist-forte\/\" \/>\n<meta property=\"og:site_name\" content=\"MojePlazma\" \/>\n<meta property=\"article:modified_time\" content=\"2024-11-16T18:40:51+00:00\" \/>\n<meta property=\"og:image\" content=\"https:\/\/www.mojeplazma.cz\/farmacie\/wp-content\/uploads\/2024\/10\/Trichomist-Forte.jpg\" \/>\n\t<meta property=\"og:image:width\" content=\"768\" \/>\n\t<meta property=\"og:image:height\" content=\"768\" \/>\n\t<meta property=\"og:image:type\" content=\"image\/jpeg\" \/>\n<meta name=\"twitter:card\" content=\"summary_large_image\" \/>\n<meta name=\"twitter:description\" content=\"[date_countdown]\" \/>\n<meta name=\"twitter:label1\" content=\"Odhadovan\u00e1 doba \u010dten\u00ed\" \/>\n\t<meta name=\"twitter:data1\" content=\"1 minuta\" \/>\n<script type=\"application\/ld+json\" class=\"yoast-schema-graph\">{\"@context\":\"https:\\\/\\\/schema.org\",\"@graph\":[{\"@type\":\"WebPage\",\"@id\":\"https:\\\/\\\/www.mojeplazma.cz\\\/farmacie\\\/farmacie\\\/trichomist-forte\\\/\",\"url\":\"https:\\\/\\\/www.mojeplazma.cz\\\/farmacie\\\/farmacie\\\/trichomist-forte\\\/\",\"name\":\"Trichomist Forte - Recenze, L\u00e9k\u00e1rna, Cena - 50%, F\u00f3rum, \u00da\u010dinky | 2026\",\"isPartOf\":{\"@id\":\"https:\\\/\\\/www.mojeplazma.cz\\\/farmacie\\\/#website\"},\"primaryImageOfPage\":{\"@id\":\"https:\\\/\\\/www.mojeplazma.cz\\\/farmacie\\\/farmacie\\\/trichomist-forte\\\/#primaryimage\"},\"image\":{\"@id\":\"https:\\\/\\\/www.mojeplazma.cz\\\/farmacie\\\/farmacie\\\/trichomist-forte\\\/#primaryimage\"},\"thumbnailUrl\":\"https:\\\/\\\/www.mojeplazma.cz\\\/farmacie\\\/wp-content\\\/uploads\\\/2024\\\/10\\\/Trichomist-Forte.jpg\",\"datePublished\":\"2024-10-10T16:26:38+00:00\",\"dateModified\":\"2024-11-16T18:40:51+00:00\",\"breadcrumb\":{\"@id\":\"https:\\\/\\\/www.mojeplazma.cz\\\/farmacie\\\/farmacie\\\/trichomist-forte\\\/#breadcrumb\"},\"inLanguage\":\"cs\",\"potentialAction\":[{\"@type\":\"ReadAction\",\"target\":[\"https:\\\/\\\/www.mojeplazma.cz\\\/farmacie\\\/farmacie\\\/trichomist-forte\\\/\"]}]},{\"@type\":\"ImageObject\",\"inLanguage\":\"cs\",\"@id\":\"https:\\\/\\\/www.mojeplazma.cz\\\/farmacie\\\/farmacie\\\/trichomist-forte\\\/#primaryimage\",\"url\":\"https:\\\/\\\/www.mojeplazma.cz\\\/farmacie\\\/wp-content\\\/uploads\\\/2024\\\/10\\\/Trichomist-Forte.jpg\",\"contentUrl\":\"https:\\\/\\\/www.mojeplazma.cz\\\/farmacie\\\/wp-content\\\/uploads\\\/2024\\\/10\\\/Trichomist-Forte.jpg\",\"width\":768,\"height\":768},{\"@type\":\"BreadcrumbList\",\"@id\":\"https:\\\/\\\/www.mojeplazma.cz\\\/farmacie\\\/farmacie\\\/trichomist-forte\\\/#breadcrumb\",\"itemListElement\":[{\"@type\":\"ListItem\",\"position\":1,\"name\":\"Strona g\u0142\u00f3wna\",\"item\":\"https:\\\/\\\/www.mojeplazma.cz\\\/farmacie\\\/\"},{\"@type\":\"ListItem\",\"position\":2,\"name\":\"farmacie\",\"item\":\"https:\\\/\\\/www.mojeplazma.cz\\\/farmacie\\\/\"},{\"@type\":\"ListItem\",\"position\":3,\"name\":\"Trichomist Forte\"}]},{\"@type\":\"WebSite\",\"@id\":\"https:\\\/\\\/www.mojeplazma.cz\\\/farmacie\\\/#website\",\"url\":\"https:\\\/\\\/www.mojeplazma.cz\\\/farmacie\\\/\",\"name\":\"mojeplazma.cz\",\"description\":\"\",\"potentialAction\":[{\"@type\":\"SearchAction\",\"target\":{\"@type\":\"EntryPoint\",\"urlTemplate\":\"https:\\\/\\\/www.mojeplazma.cz\\\/farmacie\\\/?s={search_term_string}\"},\"query-input\":{\"@type\":\"PropertyValueSpecification\",\"valueRequired\":true,\"valueName\":\"search_term_string\"}}],\"inLanguage\":\"cs\"}]}<\/script>\n<!-- \/ Yoast SEO plugin. -->","yoast_head_json":{"title":"Trichomist Forte - Recenze, L\u00e9k\u00e1rna, Cena - 50%, F\u00f3rum, \u00da\u010dinky | 2026","robots":{"index":"index","follow":"follow","max-snippet":"max-snippet:-1","max-image-preview":"max-image-preview:large","max-video-preview":"max-video-preview:-1"},"canonical":"https:\/\/www.mojeplazma.cz\/farmacie\/farmacie\/trichomist-forte\/","og_locale":"cs_CZ","og_type":"article","og_title":"Trichomist Forte - Recenze, L\u00e9k\u00e1rna, Cena - 50%, F\u00f3rum, \u00da\u010dinky | 2026","og_url":"https:\/\/www.mojeplazma.cz\/farmacie\/farmacie\/trichomist-forte\/","og_site_name":"MojePlazma","article_modified_time":"2024-11-16T18:40:51+00:00","og_image":[{"width":768,"height":768,"url":"https:\/\/www.mojeplazma.cz\/farmacie\/wp-content\/uploads\/2024\/10\/Trichomist-Forte.jpg","type":"image\/jpeg"}],"twitter_card":"summary_large_image","twitter_description":"[date_countdown]","twitter_misc":{"Odhadovan\u00e1 doba \u010dten\u00ed":"1 minuta"},"schema":{"@context":"https:\/\/schema.org","@graph":[{"@type":"WebPage","@id":"https:\/\/www.mojeplazma.cz\/farmacie\/farmacie\/trichomist-forte\/","url":"https:\/\/www.mojeplazma.cz\/farmacie\/farmacie\/trichomist-forte\/","name":"Trichomist Forte - Recenze, L\u00e9k\u00e1rna, Cena - 50%, F\u00f3rum, \u00da\u010dinky | 2026","isPartOf":{"@id":"https:\/\/www.mojeplazma.cz\/farmacie\/#website"},"primaryImageOfPage":{"@id":"https:\/\/www.mojeplazma.cz\/farmacie\/farmacie\/trichomist-forte\/#primaryimage"},"image":{"@id":"https:\/\/www.mojeplazma.cz\/farmacie\/farmacie\/trichomist-forte\/#primaryimage"},"thumbnailUrl":"https:\/\/www.mojeplazma.cz\/farmacie\/wp-content\/uploads\/2024\/10\/Trichomist-Forte.jpg","datePublished":"2024-10-10T16:26:38+00:00","dateModified":"2024-11-16T18:40:51+00:00","breadcrumb":{"@id":"https:\/\/www.mojeplazma.cz\/farmacie\/farmacie\/trichomist-forte\/#breadcrumb"},"inLanguage":"cs","potentialAction":[{"@type":"ReadAction","target":["https:\/\/www.mojeplazma.cz\/farmacie\/farmacie\/trichomist-forte\/"]}]},{"@type":"ImageObject","inLanguage":"cs","@id":"https:\/\/www.mojeplazma.cz\/farmacie\/farmacie\/trichomist-forte\/#primaryimage","url":"https:\/\/www.mojeplazma.cz\/farmacie\/wp-content\/uploads\/2024\/10\/Trichomist-Forte.jpg","contentUrl":"https:\/\/www.mojeplazma.cz\/farmacie\/wp-content\/uploads\/2024\/10\/Trichomist-Forte.jpg","width":768,"height":768},{"@type":"BreadcrumbList","@id":"https:\/\/www.mojeplazma.cz\/farmacie\/farmacie\/trichomist-forte\/#breadcrumb","itemListElement":[{"@type":"ListItem","position":1,"name":"Strona g\u0142\u00f3wna","item":"https:\/\/www.mojeplazma.cz\/farmacie\/"},{"@type":"ListItem","position":2,"name":"farmacie","item":"https:\/\/www.mojeplazma.cz\/farmacie\/"},{"@type":"ListItem","position":3,"name":"Trichomist Forte"}]},{"@type":"WebSite","@id":"https:\/\/www.mojeplazma.cz\/farmacie\/#website","url":"https:\/\/www.mojeplazma.cz\/farmacie\/","name":"mojeplazma.cz","description":"","potentialAction":[{"@type":"SearchAction","target":{"@type":"EntryPoint","urlTemplate":"https:\/\/www.mojeplazma.cz\/farmacie\/?s={search_term_string}"},"query-input":{"@type":"PropertyValueSpecification","valueRequired":true,"valueName":"search_term_string"}}],"inLanguage":"cs"}]}},"_links":{"self":[{"href":"https:\/\/www.mojeplazma.cz\/farmacie\/wp-json\/wp\/v2\/product\/4022","targetHints":{"allow":["GET"]}}],"collection":[{"href":"https:\/\/www.mojeplazma.cz\/farmacie\/wp-json\/wp\/v2\/product"}],"about":[{"href":"https:\/\/www.mojeplazma.cz\/farmacie\/wp-json\/wp\/v2\/types\/product"}],"replies":[{"embeddable":true,"href":"https:\/\/www.mojeplazma.cz\/farmacie\/wp-json\/wp\/v2\/comments?post=4022"}],"wp:featuredmedia":[{"embeddable":true,"href":"https:\/\/www.mojeplazma.cz\/farmacie\/wp-json\/wp\/v2\/media\/4071"}],"wp:attachment":[{"href":"https:\/\/www.mojeplazma.cz\/farmacie\/wp-json\/wp\/v2\/media?parent=4022"}],"wp:term":[{"taxonomy":"product_brand","embeddable":true,"href":"https:\/\/www.mojeplazma.cz\/farmacie\/wp-json\/wp\/v2\/product_brand?post=4022"},{"taxonomy":"product_cat","embeddable":true,"href":"https:\/\/www.mojeplazma.cz\/farmacie\/wp-json\/wp\/v2\/product_cat?post=4022"},{"taxonomy":"product_tag","embeddable":true,"href":"https:\/\/www.mojeplazma.cz\/farmacie\/wp-json\/wp\/v2\/product_tag?post=4022"}],"curies":[{"name":"wp","href":"https:\/\/api.w.org\/{rel}","templated":true}]}}