{"id":4048,"date":"2024-10-10T16:26:58","date_gmt":"2024-10-10T16:26:58","guid":{"rendered":"https:\/\/www.mojeplazma.cz\/farmacie\/?post_type=product&#038;p=4048"},"modified":"2024-11-13T12:52:24","modified_gmt":"2024-11-13T12:52:24","slug":"hondrofrost","status":"publish","type":"product","link":"https:\/\/www.mojeplazma.cz\/farmacie\/farmacie\/hondrofrost\/","title":{"rendered":"Hondrofrost"},"content":{"rendered":"\n\n<h2 class=\"wp-block-heading\">Co je HONDROFROST a jak funguje?<\/h2>\n\n\n\n\n\n<p><b>HONDROFROST<\/b> je inovativn\u00ed mast ur\u010den\u00e1 ke zm\u00edrn\u011bn\u00ed bolesti kloub\u016f a zlep\u0161en\u00ed jejich funkce. Jej\u00ed <em>d p\u016fsoben\u00ed<\/em> je zalo\u017eeno na synergick\u00e9 kombinaci \u00fa\u010dinn\u00fdch l\u00e1tek, kter\u00e9 p\u0159in\u00e1\u0161ej\u00ed \u00falevu a podporuj\u00ed regeneraci tk\u00e1n\u00ed. Slo\u017een\u00ed p\u0159\u00edpravku HONDROFROST obsahuje <b>p\u0159\u00edrodn\u00ed slo\u017eky,<\/b> jako je glukosamin, chondroitin a rostlinn\u00e9 extrakty, kter\u00e9 jsou zn\u00e1m\u00e9 sv\u00fdmi protiz\u00e1n\u011btliv\u00fdmi \u00fa\u010dinky.<\/p>\n\n\n\n\n\n<p>Studie ukazuj\u00ed, \u017ee artritida, v\u010detn\u011b osteoartritidy a revmatoidn\u00ed artritidy, je jednou z nej\u010dast\u011bj\u0161\u00edch p\u0159\u00ed\u010din bolesti kloub\u016f, kter\u00e1 postihuje miliony lid\u00ed na cel\u00e9m sv\u011bt\u011b. P\u0159\u00edpravek HONDROFROST je ur\u010den t\u011bm, kte\u0159\u00ed trp\u00ed nepohodl\u00edm a omezenou pohyblivost\u00ed. Jeho <b>slo\u017een\u00ed<\/b> podporuje pozitivn\u00ed <b>\u00fa\u010dinky<\/b> p\u0159i ka\u017edodenn\u00edm u\u017e\u00edv\u00e1n\u00ed.<\/p>\n\n\n\n\n\n<p>Kl\u00ed\u010dov\u00e9 <b>slo\u017een\u00ed p\u0159\u00edpravku<\/b> HONDROFROST zahrnuje:<\/p>\n\n\n\n\n\n<ul class=\"wp-block-list\">\n\n<li>Glukosamin &#8211; podporuje regeneraci kloubn\u00ed chrupavky.<\/li>\n\n\n\n\n\n<li>Chondroitin &#8211; zm\u00edr\u0148uje z\u00e1n\u011bty kloub\u016f.<\/li>\n\n\n\n\n\n<li>Arnika &#8211; zn\u00e1m\u00e1 pro sv\u00e9 analgetick\u00e9 vlastnosti.<\/li>\n\n\n\n\n\n<li>Extrakt z eukalyptu &#8211; m\u00e1 chladiv\u00fd \u00fa\u010dinek a podporuje prokrven\u00ed.<\/li>\n\n\n\n\n\n<li>Buckeye capsicum &#8211; podporuje \u00falevu od bolesti.<\/li>\n\n<\/ul>\n\n\n\n\n\n<p>HONDROFROST rychle pronik\u00e1 do poko\u017eky a poskytuje okam\u017eitou \u00falevu d\u00edky p\u016fsoben\u00ed mentolu, kter\u00fd p\u016fsob\u00ed jako p\u0159\u00edrodn\u00ed anestetikum. Pravideln\u00e9 <b>pou\u017e\u00edv\u00e1n\u00ed<\/b> urychluje proces hojen\u00ed a regenerace, kter\u00fd je kl\u00ed\u010dov\u00fd pro n\u00e1vrat k pln\u00e9 funk\u010dnosti. U\u017eivatel\u00e9 \u010dasto zd\u016fraz\u0148uj\u00ed, jak v\u00fdrazn\u011b se jim po pou\u017eit\u00ed p\u0159\u00edpravku HONDROFROST zlep\u0161ila kvalita \u017eivota.<\/p>\n\n\n\n\n\n<h2 class=\"wp-block-heading\">HONDROFROST &#8211; \u00fa\u010dinky<\/h2>\n\n\n\n\n\n<p><b>\u00da\u010dinky p\u0159\u00edpravku<\/b> HONDROFROST jsou patrn\u00e9 ji\u017e po n\u011bkolika dnech pravideln\u00e9ho u\u017e\u00edv\u00e1n\u00ed. Mnoho lid\u00ed si st\u011b\u017euje na <b>bolesti kloub\u016f<\/b> a HONDROFROST jim d\u00edky sv\u00fdm p\u0159\u00edrodn\u00edm slo\u017ek\u00e1m m\u016f\u017ee p\u0159in\u00e9st \u00falevu. Nez\u00e1visl\u00e9 studie nazna\u010duj\u00ed, \u017ee p\u0159\u00edpravek je vysoce <b>\u00fa\u010dinn\u00fd<\/b> p\u0159i sni\u017eov\u00e1n\u00ed bolesti a zvy\u0161ov\u00e1n\u00ed pohyblivosti. Lid\u00e9 s kloubn\u00edmi probl\u00e9my pozoruj\u00ed zlep\u0161en\u00ed funkce kloub\u016f a celkov\u00e9 zlep\u0161en\u00ed kvality \u017eivota.<\/p>\n\n\n\n\n\n<p>Mezi hlavn\u00ed \u00fa\u010dinky u\u017e\u00edv\u00e1n\u00ed p\u0159\u00edpravku HONDROFROST pat\u0159\u00ed:<\/p>\n\n\n\n\n\n<ul class=\"wp-block-list\">\n\n<li>Sn\u00ed\u017een\u00ed bolesti kloub\u016f ji\u017e po prvn\u00edch aplikac\u00edch.<\/li>\n\n\n\n\n\n<li>Zlep\u0161en\u00ed pohyblivosti a pru\u017enosti kloub\u016f, co\u017e podporuje ka\u017edodenn\u00ed aktivity.<\/li>\n\n\n\n\n\n<li>Podpora regenerace kloubn\u00ed tk\u00e1n\u011b a zlep\u0161en\u00ed funkce chrupavky.<\/li>\n\n<\/ul>\n\n\n\n\n\n<p><b>Pou\u017e\u00edv\u00e1n\u00ed p\u0159\u00edpravku<\/b> HONDROFROST m\u016f\u017ee p\u0159in\u00e9st v\u00fdsledky v kr\u00e1tk\u00e9 dob\u011b d\u00edky synergick\u00e9mu p\u016fsoben\u00ed jeho slo\u017eek. Nap\u0159\u00edklad extrakt z Boswellia serrata vykazuje protiz\u00e1n\u011btliv\u00e9 <b>\u00fa\u010dinky<\/b> a propolis podporuje sn\u00ed\u017een\u00ed otok\u016f.<\/p>\n\n\n\n\n\n<figure class=\"wp-block-table\"><table class=\"has-fixed-layout\"><tbody><tr><th>\u00da\u010dinek<\/th><th>Popis<\/th><th>Doba do zaznamen\u00e1n\u00ed \u00fa\u010dinku<\/th><\/tr><tr><td>Sn\u00ed\u017een\u00ed bolesti<\/td><td>Znateln\u00e9 sn\u00ed\u017een\u00ed bolesti kloub\u016f<\/td><td>1-3 dny<\/td><\/tr><tr><td>Zlep\u0161en\u00ed pohyblivosti<\/td><td>Zlep\u0161en\u00e1 \u00fa\u010dinnost a pru\u017enost kloub\u016f<\/td><td>2 t\u00fddny<\/td><\/tr><tr><td>Regenerace kloub\u016f<\/td><td>Podpora p\u0159irozen\u00fdch regenera\u010dn\u00edch proces\u016f<\/td><td>4 t\u00fddny<\/td><\/tr><\/tbody><\/table><\/figure>\n\n\n\n\n\n<p>Souhrnn\u011b lze \u0159\u00edci, \u017ee HONDROFROST je vysoce \u00fa\u010dinn\u00fd p\u0159i sni\u017eov\u00e1n\u00ed bolesti kloub\u016f a zlep\u0161ov\u00e1n\u00ed jejich funkce. Na druhou stranu je pro dosa\u017een\u00ed dlouhodob\u00fdch <b>v\u00fdsledk\u016f<\/b> kl\u00ed\u010dov\u00e9 pravideln\u00e9 <b>u\u017e\u00edv\u00e1n\u00ed<\/b> tohoto p\u0159\u00edpravku po dobu nejm\u00e9n\u011b dvou t\u00fddn\u016f. D\u00edky v\u00fdb\u011bru p\u0159\u00edrodn\u00edch slo\u017eek si HONDROFROST z\u00edskal uzn\u00e1n\u00ed u\u017eivatel\u016f, kte\u0159\u00ed vyzdvihuj\u00ed jeho prakti\u010dnost a <b>\u00fa\u010dinnost v<\/b> boji proti kloubn\u00edm pot\u00ed\u017e\u00edm.<\/p>\n\n\n\n\n\n<h2 class=\"wp-block-heading\">Jak pou\u017e\u00edvat HONDROFROST? &#8211; D\u00e1vkov\u00e1n\u00ed<\/h2>\n\n\n\n\n\n<p>HONDROFROST je p\u0159\u00edpravek, kter\u00fd by se m\u011bl pou\u017e\u00edvat podle p\u0159esn\u011b definovan\u00e9ho <em>n\u00e1vodu<\/em> v\u00fdrobce. Spr\u00e1vn\u00e9 <em>d\u00e1vkov\u00e1n\u00ed<\/em> je rozhoduj\u00edc\u00ed pro dosa\u017een\u00ed optim\u00e1ln\u00edch v\u00fdsledk\u016f. Mast by se m\u011bla nan\u00e1\u0161et na bolestiv\u00e9 m\u00edsto 2-3kr\u00e1t denn\u011b. Pro dosa\u017een\u00ed maxim\u00e1ln\u00edho \u00fa\u010dinku je d\u016fle\u017eit\u00e9 p\u0159\u00edpravek lehk\u00fdmi pohyby vmas\u00edrovat do poko\u017eky, dokud se pln\u011b nevst\u0159eb\u00e1.<\/p>\n\n\n\n\n\n<p>Doporu\u010den\u00e1 doba pou\u017e\u00edv\u00e1n\u00ed p\u0159\u00edpravku HONDROFROST je 4 a\u017e 8 t\u00fddn\u016f, kter\u00e1 se m\u016f\u017ee li\u0161it v z\u00e1vislosti na z\u00e1va\u017enosti onemocn\u011bn\u00ed. Pravideln\u00e9 <em>pou\u017e\u00edv\u00e1n\u00ed<\/em> masti pom\u00e1h\u00e1 minimalizovat bolest a zlep\u0161it funkci kloub\u016f. Vezm\u011bte pros\u00edm na v\u011bdom\u00ed, \u017ee HONDROFROST by nem\u011bl b\u00fdt pou\u017e\u00edv\u00e1n sou\u010dasn\u011b s jin\u00fdmi analgetiky, aby se p\u0159ede\u0161lo ne\u017e\u00e1douc\u00edm interakc\u00edm.<\/p>\n\n\n\n\n\n<ul class=\"wp-block-list\">\n\n<li><strong>Indikace k pou\u017eit\u00ed:<\/strong> <b>bolesti kloub\u016f<\/b>, otoky, omezen\u00e1 pohyblivost<\/li>\n\n\n\n\n\n<li><strong>Ide\u00e1ln\u00ed u\u017eivatel\u00e9:<\/strong> aktivn\u00ed lid\u00e9, sportovci, senio\u0159i<\/li>\n\n\n\n\n\n<li><strong>\u00da\u010dinn\u00e1 doba u\u017e\u00edv\u00e1n\u00ed:<\/strong> 4-8 t\u00fddn\u016f<\/li>\n\n<\/ul>\n\n\n\n\n\n<h2 class=\"wp-block-heading\">HONDROFROST &#8211; U\u017eivatelsk\u00e9 recenze, f\u00f3rum &#8211; Co na to \u0159\u00edkaj\u00ed u\u017eivatel\u00e9?<\/h2>\n\n\n\n\n\n<p>U\u017eivatel\u00e9 p\u0159\u00edpravku HONDROFROST se d\u011bl\u00ed o sv\u00e9 zku\u0161enosti na r\u016fzn\u00fdch internetov\u00fdch f\u00f3rech. V <b>recenz\u00edch<\/b> je \u010dasto zd\u016fraz\u0148ov\u00e1na vysok\u00e1 \u00fa\u010dinnost masti p\u0159i \u00falev\u011b od bolesti kloub\u016f.<\/p>\n\n\n\n\n\n<blockquote class=\"wp-block-quote is-layout-flow wp-block-quote-is-layout-flow\">\n\n<p>Konstantin, 43 let, z Berl\u00edna, popisuje sv\u00e9 pozitivn\u00ed <b>zku\u0161enosti<\/b>: &#8222;Po nehod\u011b jsem m\u011bl v\u00e1\u017en\u00e9 pot\u00ed\u017ee s pohyblivost\u00ed. HONDROFROST mi v\u00fdrazn\u011b pomohl p\u0159i rehabilitaci. Ji\u017e po n\u011bkolika aplikac\u00edch jsem zaznamenal v\u00fdraznou \u00falevu od bolesti a zlep\u0161en\u00ed pohyblivosti.&#8220;<\/p>\n\n<\/blockquote>\n\n\n\n\n\n<p>Maria, 37 let, z Krakova dod\u00e1v\u00e1: &#8222;HONDROFROST rychle zm\u00edr\u0148uje <b>bolesti kloub\u016f<\/b>. P\u0159\u00edrodn\u00ed <b>slo\u017een\u00ed<\/b> mi nav\u00edc d\u00e1v\u00e1 pocit jistoty p\u0159i ka\u017edodenn\u00edm pou\u017e\u00edv\u00e1n\u00ed tohoto v\u00fdrobku.&#8220;<\/p>\n\n\n\n\n\n<blockquote class=\"wp-block-quote is-layout-flow wp-block-quote-is-layout-flow\">\n\n<p>Krzysztof, 55 let, z Poznan\u011b, zd\u016fraz\u0148uje: &#8222;HONDROFROST m\u00e1 \u00fa\u017easn\u00e9 vlastnosti p\u0159i odstra\u0148ov\u00e1n\u00ed z\u00e1n\u011bt\u016f a otok\u016f. Zaznamenal jsem v\u00fdrazn\u00e9 zlep\u0161en\u00ed p\u0159i sv\u00e9 ka\u017edodenn\u00ed fyzick\u00e9 aktivit\u011b.&#8220;<\/p>\n\n<\/blockquote>\n\n\n\n\n\n<p>Mnoho pozitivn\u00edch recenz\u00ed lze nal\u00e9zt na f\u00f3rech. U\u017eivatel\u00e9 \u010dasto zd\u016fraz\u0148uj\u00ed, \u017ee jim HONDROFROST zafungoval a \u017ee jeho p\u0159\u00edrodn\u00ed slo\u017een\u00ed je velk\u00fdm p\u0159\u00ednosem. Z\u00edskan\u00e9 <b>zku\u0161enosti<\/b> ukazuj\u00ed, \u017ee mast m\u016f\u017ee b\u00fdt \u00fa\u010dinn\u00fdm pomocn\u00edkem v boji proti bolesti kloub\u016f.<\/p>\n\n\n\n\n\n<figure class=\"wp-block-table\"><table class=\"has-fixed-layout\"><tbody><tr><th>N\u00e1zev<\/th><th>V\u011bk<\/th><th>M\u011bsto<\/th><th>Popis zku\u0161enosti<\/th><\/tr><tr><td>Konstantin<\/td><td>43<\/td><td>Berlina<\/td><td>Pomoc p\u0159i rehabilitaci po \u00farazu, zlep\u0161en\u00ed pohyblivosti.<\/td><\/tr><tr><td>Maria<\/td><td>37<\/td><td>Krakov<\/td><td>Rychl\u00e1 \u00faleva od bolesti kloub\u016f, p\u0159\u00edrodn\u00ed slo\u017een\u00ed.<\/td><\/tr><tr><td>Krzysztof<\/td><td>55<\/td><td>Pozna\u0148<\/td><td>Odstran\u011bn\u00ed z\u00e1n\u011btu a otoku, zlep\u0161en\u00ed fyzick\u00e9 aktivity.<\/td><\/tr><\/tbody><\/table><\/figure>\n\n\n\n\n\n<h2 class=\"wp-block-heading\">Slo\u017een\u00ed p\u0159\u00edpravku HONDROFROST &#8211; anal\u00fdza slo\u017eek<\/h2>\n\n\n\n\n\n<p>HONDROFROST vynik\u00e1 na trhu sv\u00fdmi <em>p\u0159\u00edrodn\u00edmi slo\u017ekami<\/em>, kter\u00e9 byly pe\u010dliv\u011b vybr\u00e1ny pro podporu <em>d funkce<\/em> a zdrav\u00ed kloub\u016f. Slo\u017een\u00ed dopl\u0148ku zahrnuje mimo jin\u00e9 rostlinn\u00e9 extrakty a oleje s protiz\u00e1n\u011btliv\u00fdmi a regenera\u010dn\u00edmi vlastnostmi.<\/p>\n\n\n\n\n\n<p>Hlavn\u00ed \u00fa\u010dinnou l\u00e1tkou jsou zelen\u00e9 mu\u0161le, kter\u00e9 jsou zn\u00e1m\u00e9 svou schopnost\u00ed zastavit degeneraci kloub\u016f. Dal\u0161\u00ed slo\u017ekou je apitoxin, kter\u00fd poch\u00e1z\u00ed ze v\u010del\u00edho jedu a podporuje regenera\u010dn\u00ed procesy organismu. \u0160\u0165\u00e1va z cesm\u00edny hraje zklid\u0148uj\u00edc\u00ed roli, nab\u00edz\u00ed antibakteri\u00e1ln\u00ed <b>p\u016fsoben\u00ed<\/b> a sni\u017euje bolest spojenou s kloubn\u00edmi pot\u00ed\u017eemi.<\/p>\n\n\n\n\n\n<figure class=\"wp-block-table\"><table class=\"has-fixed-layout\"><tbody><tr><th>Slo\u017een\u00ed<\/th><th>\u00da\u010dinek<\/th><\/tr><tr><td>Zelen\u00e9 mu\u0161le<\/td><td>Ochrana kloub\u016f, zastaven\u00ed procesu degenerace<\/td><\/tr><tr><td>Apitoxin<\/td><td>Podpora regenera\u010dn\u00edch proces\u016f<\/td><\/tr><tr><td>\u0160\u0165\u00e1va z cesm\u00edny ml\u00e9\u010dn\u00e9<\/td><td>\u00daleva od bolesti, antibakteri\u00e1ln\u00ed <b>\u00fa\u010dinek<\/b> <\/td><\/tr><\/tbody><\/table><\/figure>\n\n\n\n\n\n<p>Souhrnn\u011b lze \u0159\u00edci, \u017ee <em>slo\u017een\u00ed p\u0159\u00edpravku<\/em> HONDROFROST je zalo\u017eeno na <em>p\u0159\u00edrodn\u00edch slo\u017ek\u00e1ch<\/em>, co\u017e p\u0159isp\u00edv\u00e1 k jeho pozitivn\u00edm <em>d \u00fa\u010dink\u016fm<\/em> v souvislosti se zdrav\u00edm kloub\u016f. Spr\u00e1vn\u00e1 kombinace slo\u017eek \u010din\u00ed z tohoto p\u0159\u00edpravku \u00fa\u010dinnou alternativu ke konven\u010dn\u00edm zp\u016fsob\u016fm l\u00e9\u010dby bolesti.<\/p>\n\n\n\n\n\n<h2 class=\"wp-block-heading\">Kde koupit a kolik stoj\u00ed HONDROFROST &#8211; cena<\/h2>\n\n\n\n\n\n<p>HONDROFROST lze zakoupit pouze na ofici\u00e1ln\u00edch <em>str\u00e1nk\u00e1ch v\u00fdrobce,<\/em> co\u017e zaru\u010duje <b>bezpe\u010dnost<\/b> transakce a pravost v\u00fdrobku. N\u00e1kup ze stacion\u00e1rn\u00edch l\u00e9k\u00e1ren nen\u00ed mo\u017en\u00fd, proto stoj\u00ed za to v\u011bnovat pozornost spr\u00e1vn\u00e9mu zdroji, aby se zabr\u00e1nilo riziku n\u00e1kupu pad\u011blk\u016f.<\/p>\n\n\n\n\n\n<p><b>Cena p\u0159\u00edpravku<\/b> HONDROFROST z\u00e1vis\u00ed na aktu\u00e1ln\u00edch akc\u00edch. Vyplat\u00ed se pravideln\u011b kontrolovat <em>ofici\u00e1ln\u00ed webov\u00e9 str\u00e1nky v\u00fdrobce, kde<\/em> najdete informace o aktu\u00e1ln\u00edch nab\u00eddk\u00e1ch a slev\u00e1ch.<\/p>\n\n\n\n\n\n<ul class=\"wp-block-list\">\n\n<li>Dodac\u00ed lh\u016fta: V p\u0159\u00edpad\u011b, \u017ee se jedn\u00e1 o v\u00fdrobek s vysok\u00fdm obsahem hnojiva, je mo\u017en\u00e9 jej dodat na m\u00edsto ur\u010den\u00ed: 2-5 pracovn\u00edch dn\u016f.<\/li>\n\n\n\n\n\n<li>Zp\u016fsoby platby: dob\u00edrka, bankovn\u00ed p\u0159evod.<\/li>\n\n\n\n\n\n<li>Podm\u00ednky vr\u00e1cen\u00ed zbo\u017e\u00ed: mo\u017enost vr\u00e1cen\u00ed do 14 pracovn\u00edch dn\u016f.<\/li>\n\n<\/ul>\n\n\n\n\n\n<h2 class=\"wp-block-heading\">HONDROFROST &#8211; Ne\u017e\u00e1douc\u00ed \u00fa\u010dinky a kontraindikace &#8211; Bezpe\u010dnost pou\u017eit\u00ed<\/h2>\n\n\n\n\n\n<p>HONDROFROST je obecn\u011b bezpe\u010dn\u00fd p\u0159\u00edpravek, nicm\u00e9n\u011b jako ka\u017ed\u00fd p\u0159\u00edpravek m\u016f\u017ee p\u0159i nespr\u00e1vn\u00e9m pou\u017eit\u00ed zp\u016fsobit <b>ne\u017e\u00e1douc\u00ed \u00fa\u010dinky<\/b>. Lid\u00e9 s individu\u00e1ln\u00ed nesn\u00e1\u0161enlivost\u00ed n\u011bkter\u00e9 ze slo\u017eek by se m\u011bli pou\u017e\u00edv\u00e1n\u00ed t\u00e9to masti vyhnout. P\u0159ed zah\u00e1jen\u00edm l\u00e9\u010dby je vhodn\u00e9 poradit se s l\u00e9ka\u0159em, zejm\u00e9na pokud jste t\u011bhotn\u00e1, koj\u00edte nebo jste star\u0161\u00ed 65 let.<\/p>\n\n\n\n\n\n<p><b>Bezpe\u010dnost p\u0159\u00edpravku<\/b> HONDROFROST by m\u011bla b\u00fdt prioritou. Pravideln\u00e9 pou\u017e\u00edv\u00e1n\u00ed podle doporu\u010den\u00e9ho d\u00e1vkov\u00e1n\u00ed v\u00fdrazn\u011b minimalizuje riziko alergick\u00fdch reakc\u00ed. Nicm\u00e9n\u011b osoby mlad\u0161\u00ed 16 let a osoby se zdravotn\u00edmi probl\u00e9my v anamn\u00e9ze by m\u011bly db\u00e1t zv\u00fd\u0161en\u00e9 opatrnosti a poradit se s odborn\u00edkem.<\/p>\n\n\n\n\n\n<p>Z\u00e1v\u011brem lze \u0159\u00edci, \u017ee HONDROFROST je p\u0159\u00edpravek, kter\u00fd p\u0159i opatrnosti a vhodn\u00e9m d\u00e1vkov\u00e1n\u00ed nab\u00edz\u00ed \u00fa\u010dinnou podporu v boji proti bolestem kloub\u016f, p\u0159i\u010dem\u017e m\u00e1 minimalizovan\u00e9 <b>vedlej\u0161\u00ed \u00fa\u010dinky<\/b>. V p\u0159\u00edpad\u011b v\u00fdskytu ne\u017e\u00e1douc\u00edch \u00fa\u010dink\u016f se doporu\u010duje okam\u017eit\u011b p\u0159eru\u0161it u\u017e\u00edv\u00e1n\u00ed a poradit se s l\u00e9ka\u0159em.<\/p>\n\n","protected":false},"excerpt":{"rendered":"<p><strong>[date_countdown]<\/strong><\/p>\n<p><strong><img decoding=\"async\" class=\"alignnone  wp-image-8078\" src=\"https:\/\/www.mojeplazma.cz\/farmacie\/wp-content\/uploads\/2024\/10\/SAFE-PAY-300x88-1.png\" alt=\"SAFE-PAY-300x88\" width=\"154\" height=\"45\" \/><\/strong><\/p>\n","protected":false},"featured_media":4077,"comment_status":"open","ping_status":"closed","template":"","meta":{"neve_meta_sidebar":"","neve_meta_container":"","neve_meta_enable_content_width":"","neve_meta_content_width":0,"neve_meta_title_alignment":"","neve_meta_author_avatar":"","neve_post_elements_order":"","neve_meta_disable_header":"","neve_meta_disable_footer":"","neve_meta_disable_title":"","neve_meta_reading_time":""},"product_brand":[],"product_cat":[15],"product_tag":[],"class_list":{"0":"post-4048","1":"product","2":"type-product","3":"status-publish","4":"has-post-thumbnail","6":"product_cat-zdravi","8":"first","9":"instock","10":"sale","11":"shipping-taxable","12":"product-type-external"},"yoast_head":"<!-- This site is optimized with the Yoast SEO plugin v27.3 - https:\/\/yoast.com\/product\/yoast-seo-wordpress\/ -->\n<title>Hondrofrost - Recenze, L\u00e9k\u00e1rna, Cena - 50%, F\u00f3rum, \u00da\u010dinky | 2026<\/title>\n<meta name=\"robots\" content=\"index, follow, max-snippet:-1, max-image-preview:large, max-video-preview:-1\" \/>\n<link rel=\"canonical\" href=\"https:\/\/www.mojeplazma.cz\/farmacie\/farmacie\/hondrofrost\/\" \/>\n<meta property=\"og:locale\" content=\"cs_CZ\" \/>\n<meta property=\"og:type\" content=\"article\" \/>\n<meta property=\"og:title\" content=\"Hondrofrost - Recenze, L\u00e9k\u00e1rna, Cena - 50%, F\u00f3rum, \u00da\u010dinky | 2026\" \/>\n<meta property=\"og:url\" content=\"https:\/\/www.mojeplazma.cz\/farmacie\/farmacie\/hondrofrost\/\" \/>\n<meta property=\"og:site_name\" content=\"MojePlazma\" \/>\n<meta property=\"article:modified_time\" content=\"2024-11-13T12:52:24+00:00\" \/>\n<meta property=\"og:image\" content=\"https:\/\/www.mojeplazma.cz\/farmacie\/wp-content\/uploads\/2024\/10\/HONDROFROST.jpg\" \/>\n\t<meta property=\"og:image:width\" content=\"768\" \/>\n\t<meta property=\"og:image:height\" content=\"768\" \/>\n\t<meta property=\"og:image:type\" content=\"image\/jpeg\" \/>\n<meta name=\"twitter:card\" content=\"summary_large_image\" \/>\n<meta name=\"twitter:description\" content=\"[date_countdown]\" \/>\n<meta name=\"twitter:label1\" content=\"Odhadovan\u00e1 doba \u010dten\u00ed\" \/>\n\t<meta name=\"twitter:data1\" content=\"1 minuta\" \/>\n<script type=\"application\/ld+json\" class=\"yoast-schema-graph\">{\"@context\":\"https:\\\/\\\/schema.org\",\"@graph\":[{\"@type\":\"WebPage\",\"@id\":\"https:\\\/\\\/www.mojeplazma.cz\\\/farmacie\\\/farmacie\\\/hondrofrost\\\/\",\"url\":\"https:\\\/\\\/www.mojeplazma.cz\\\/farmacie\\\/farmacie\\\/hondrofrost\\\/\",\"name\":\"Hondrofrost - Recenze, L\u00e9k\u00e1rna, Cena - 50%, F\u00f3rum, \u00da\u010dinky | 2026\",\"isPartOf\":{\"@id\":\"https:\\\/\\\/www.mojeplazma.cz\\\/farmacie\\\/#website\"},\"primaryImageOfPage\":{\"@id\":\"https:\\\/\\\/www.mojeplazma.cz\\\/farmacie\\\/farmacie\\\/hondrofrost\\\/#primaryimage\"},\"image\":{\"@id\":\"https:\\\/\\\/www.mojeplazma.cz\\\/farmacie\\\/farmacie\\\/hondrofrost\\\/#primaryimage\"},\"thumbnailUrl\":\"https:\\\/\\\/www.mojeplazma.cz\\\/farmacie\\\/wp-content\\\/uploads\\\/2024\\\/10\\\/HONDROFROST.jpg\",\"datePublished\":\"2024-10-10T16:26:58+00:00\",\"dateModified\":\"2024-11-13T12:52:24+00:00\",\"breadcrumb\":{\"@id\":\"https:\\\/\\\/www.mojeplazma.cz\\\/farmacie\\\/farmacie\\\/hondrofrost\\\/#breadcrumb\"},\"inLanguage\":\"cs\",\"potentialAction\":[{\"@type\":\"ReadAction\",\"target\":[\"https:\\\/\\\/www.mojeplazma.cz\\\/farmacie\\\/farmacie\\\/hondrofrost\\\/\"]}]},{\"@type\":\"ImageObject\",\"inLanguage\":\"cs\",\"@id\":\"https:\\\/\\\/www.mojeplazma.cz\\\/farmacie\\\/farmacie\\\/hondrofrost\\\/#primaryimage\",\"url\":\"https:\\\/\\\/www.mojeplazma.cz\\\/farmacie\\\/wp-content\\\/uploads\\\/2024\\\/10\\\/HONDROFROST.jpg\",\"contentUrl\":\"https:\\\/\\\/www.mojeplazma.cz\\\/farmacie\\\/wp-content\\\/uploads\\\/2024\\\/10\\\/HONDROFROST.jpg\",\"width\":768,\"height\":768},{\"@type\":\"BreadcrumbList\",\"@id\":\"https:\\\/\\\/www.mojeplazma.cz\\\/farmacie\\\/farmacie\\\/hondrofrost\\\/#breadcrumb\",\"itemListElement\":[{\"@type\":\"ListItem\",\"position\":1,\"name\":\"Strona g\u0142\u00f3wna\",\"item\":\"https:\\\/\\\/www.mojeplazma.cz\\\/farmacie\\\/\"},{\"@type\":\"ListItem\",\"position\":2,\"name\":\"farmacie\",\"item\":\"https:\\\/\\\/www.mojeplazma.cz\\\/farmacie\\\/\"},{\"@type\":\"ListItem\",\"position\":3,\"name\":\"Hondrofrost\"}]},{\"@type\":\"WebSite\",\"@id\":\"https:\\\/\\\/www.mojeplazma.cz\\\/farmacie\\\/#website\",\"url\":\"https:\\\/\\\/www.mojeplazma.cz\\\/farmacie\\\/\",\"name\":\"mojeplazma.cz\",\"description\":\"\",\"potentialAction\":[{\"@type\":\"SearchAction\",\"target\":{\"@type\":\"EntryPoint\",\"urlTemplate\":\"https:\\\/\\\/www.mojeplazma.cz\\\/farmacie\\\/?s={search_term_string}\"},\"query-input\":{\"@type\":\"PropertyValueSpecification\",\"valueRequired\":true,\"valueName\":\"search_term_string\"}}],\"inLanguage\":\"cs\"}]}<\/script>\n<!-- \/ Yoast SEO plugin. -->","yoast_head_json":{"title":"Hondrofrost - Recenze, L\u00e9k\u00e1rna, Cena - 50%, F\u00f3rum, \u00da\u010dinky | 2026","robots":{"index":"index","follow":"follow","max-snippet":"max-snippet:-1","max-image-preview":"max-image-preview:large","max-video-preview":"max-video-preview:-1"},"canonical":"https:\/\/www.mojeplazma.cz\/farmacie\/farmacie\/hondrofrost\/","og_locale":"cs_CZ","og_type":"article","og_title":"Hondrofrost - Recenze, L\u00e9k\u00e1rna, Cena - 50%, F\u00f3rum, \u00da\u010dinky | 2026","og_url":"https:\/\/www.mojeplazma.cz\/farmacie\/farmacie\/hondrofrost\/","og_site_name":"MojePlazma","article_modified_time":"2024-11-13T12:52:24+00:00","og_image":[{"width":768,"height":768,"url":"https:\/\/www.mojeplazma.cz\/farmacie\/wp-content\/uploads\/2024\/10\/HONDROFROST.jpg","type":"image\/jpeg"}],"twitter_card":"summary_large_image","twitter_description":"[date_countdown]","twitter_misc":{"Odhadovan\u00e1 doba \u010dten\u00ed":"1 minuta"},"schema":{"@context":"https:\/\/schema.org","@graph":[{"@type":"WebPage","@id":"https:\/\/www.mojeplazma.cz\/farmacie\/farmacie\/hondrofrost\/","url":"https:\/\/www.mojeplazma.cz\/farmacie\/farmacie\/hondrofrost\/","name":"Hondrofrost - Recenze, L\u00e9k\u00e1rna, Cena - 50%, F\u00f3rum, \u00da\u010dinky | 2026","isPartOf":{"@id":"https:\/\/www.mojeplazma.cz\/farmacie\/#website"},"primaryImageOfPage":{"@id":"https:\/\/www.mojeplazma.cz\/farmacie\/farmacie\/hondrofrost\/#primaryimage"},"image":{"@id":"https:\/\/www.mojeplazma.cz\/farmacie\/farmacie\/hondrofrost\/#primaryimage"},"thumbnailUrl":"https:\/\/www.mojeplazma.cz\/farmacie\/wp-content\/uploads\/2024\/10\/HONDROFROST.jpg","datePublished":"2024-10-10T16:26:58+00:00","dateModified":"2024-11-13T12:52:24+00:00","breadcrumb":{"@id":"https:\/\/www.mojeplazma.cz\/farmacie\/farmacie\/hondrofrost\/#breadcrumb"},"inLanguage":"cs","potentialAction":[{"@type":"ReadAction","target":["https:\/\/www.mojeplazma.cz\/farmacie\/farmacie\/hondrofrost\/"]}]},{"@type":"ImageObject","inLanguage":"cs","@id":"https:\/\/www.mojeplazma.cz\/farmacie\/farmacie\/hondrofrost\/#primaryimage","url":"https:\/\/www.mojeplazma.cz\/farmacie\/wp-content\/uploads\/2024\/10\/HONDROFROST.jpg","contentUrl":"https:\/\/www.mojeplazma.cz\/farmacie\/wp-content\/uploads\/2024\/10\/HONDROFROST.jpg","width":768,"height":768},{"@type":"BreadcrumbList","@id":"https:\/\/www.mojeplazma.cz\/farmacie\/farmacie\/hondrofrost\/#breadcrumb","itemListElement":[{"@type":"ListItem","position":1,"name":"Strona g\u0142\u00f3wna","item":"https:\/\/www.mojeplazma.cz\/farmacie\/"},{"@type":"ListItem","position":2,"name":"farmacie","item":"https:\/\/www.mojeplazma.cz\/farmacie\/"},{"@type":"ListItem","position":3,"name":"Hondrofrost"}]},{"@type":"WebSite","@id":"https:\/\/www.mojeplazma.cz\/farmacie\/#website","url":"https:\/\/www.mojeplazma.cz\/farmacie\/","name":"mojeplazma.cz","description":"","potentialAction":[{"@type":"SearchAction","target":{"@type":"EntryPoint","urlTemplate":"https:\/\/www.mojeplazma.cz\/farmacie\/?s={search_term_string}"},"query-input":{"@type":"PropertyValueSpecification","valueRequired":true,"valueName":"search_term_string"}}],"inLanguage":"cs"}]}},"_links":{"self":[{"href":"https:\/\/www.mojeplazma.cz\/farmacie\/wp-json\/wp\/v2\/product\/4048","targetHints":{"allow":["GET"]}}],"collection":[{"href":"https:\/\/www.mojeplazma.cz\/farmacie\/wp-json\/wp\/v2\/product"}],"about":[{"href":"https:\/\/www.mojeplazma.cz\/farmacie\/wp-json\/wp\/v2\/types\/product"}],"replies":[{"embeddable":true,"href":"https:\/\/www.mojeplazma.cz\/farmacie\/wp-json\/wp\/v2\/comments?post=4048"}],"wp:featuredmedia":[{"embeddable":true,"href":"https:\/\/www.mojeplazma.cz\/farmacie\/wp-json\/wp\/v2\/media\/4077"}],"wp:attachment":[{"href":"https:\/\/www.mojeplazma.cz\/farmacie\/wp-json\/wp\/v2\/media?parent=4048"}],"wp:term":[{"taxonomy":"product_brand","embeddable":true,"href":"https:\/\/www.mojeplazma.cz\/farmacie\/wp-json\/wp\/v2\/product_brand?post=4048"},{"taxonomy":"product_cat","embeddable":true,"href":"https:\/\/www.mojeplazma.cz\/farmacie\/wp-json\/wp\/v2\/product_cat?post=4048"},{"taxonomy":"product_tag","embeddable":true,"href":"https:\/\/www.mojeplazma.cz\/farmacie\/wp-json\/wp\/v2\/product_tag?post=4048"}],"curies":[{"name":"wp","href":"https:\/\/api.w.org\/{rel}","templated":true}]}}