{"id":8255,"date":"2024-12-14T14:31:13","date_gmt":"2024-12-14T14:31:13","guid":{"rendered":"https:\/\/www.mojeplazma.cz\/farmacie\/?post_type=product&#038;p=8255"},"modified":"2024-12-14T14:31:14","modified_gmt":"2024-12-14T14:31:14","slug":"varydex","status":"publish","type":"product","link":"https:\/\/www.mojeplazma.cz\/farmacie\/farmacie\/varydex\/","title":{"rendered":"Varydex"},"content":{"rendered":"\n<h2 class=\"wp-block-heading\">Co je Varydex a jak funguje?<\/h2>\n\n\n\n<p><b>Varydex<\/b> je specializovan\u00fd kr\u00e9m ur\u010den\u00fd pro lidi, kte\u0159\u00ed se pot\u00fdkaj\u00ed s k\u0159e\u010dov\u00fdmi \u017eilami. Jeho <em>\u00fa\u010dinek Varydex<\/em> je zalo\u017een na pou\u017eit\u00ed p\u0159\u00edrodn\u00edch slo\u017eek, kter\u00e9 maj\u00ed p\u0159\u00edzniv\u00fd vliv na <em>krevn\u00ed ob\u011bh<\/em>. Slo\u017een\u00ed obsahuje <b>rostlinn\u00e9 v\u00fdta\u017eky<\/b>, jako je extrakt z arniky horsk\u00e9, kter\u00fd redukuje k\u0159e\u010dov\u00e9 \u017e\u00edly, a slune\u010dnicov\u00fd olej, bohat\u00fd na nenasycen\u00e9 mastn\u00e9 kyseliny a vitamin E. D\u00edky tomuto slo\u017een\u00ed kr\u00e9m posiluje pru\u017enost c\u00e9v, co\u017e p\u0159isp\u00edv\u00e1 ke zlep\u0161en\u00ed pr\u016ftoku krve.<\/p>\n\n\n\n<p>Pravideln\u00e9 pou\u017e\u00edv\u00e1n\u00ed p\u0159\u00edpravku Varydex p\u0159in\u00e1\u0161\u00ed \u00falevu od pocitu t\u011b\u017ek\u00fdch nohou a sni\u017euje otoky. Kl\u00ed\u010dov\u00e9 slo\u017eky, jako je extrakt z \u010desneku obecn\u00e9ho, p\u016fsob\u00ed jako p\u0159\u00edrodn\u00ed antibiotikum a podporuj\u00ed ob\u011bhov\u00fd syst\u00e9m. Kr\u00e9m m\u00e1 nav\u00edc protiz\u00e1n\u011btliv\u00fd \u00fa\u010dinek, o \u010dem\u017e sv\u011bd\u010d\u00ed p\u0159\u00edtomnost rozmar\u00fdnov\u00e9ho extraktu a tea tree oleje.<\/p>\n\n\n\n<p>Doporu\u010duje se ka\u017edodenn\u00ed aplikace tohoto p\u0159\u00edpravku, kter\u00e1 m\u016f\u017ee pomoci minimalizovat probl\u00e9my s k\u0159e\u010dov\u00fdmi \u017eilami. Je t\u0159eba m\u00edt na pam\u011bti, \u017ee tato <b>aplikace<\/b> m\u00e1 p\u0159\u00edzniv\u00fd vliv na poko\u017eku, a to i pokud jde o suchost nebo nadm\u011brn\u00e9 pocen\u00ed nohou. Pou\u017e\u00edv\u00e1n\u00ed p\u0159\u00edpravku Varydex nejen odstra\u0148uje p\u0159\u00edznaky, ale m\u016f\u017ee tak\u00e9 zabr\u00e1nit vzniku nov\u00fdch k\u0159e\u010dov\u00fdch \u017eil, co\u017e p\u0159isp\u00edv\u00e1 k celkov\u00e9mu zlep\u0161en\u00ed <em>krevn\u00edho ob\u011bhu<\/em>.<\/p>\n\n\n\n<h2 class=\"wp-block-heading\">V\u00fdhody Varydexu &#8211; \u00fa\u010dinky<\/h2>\n\n\n\n<p>Pou\u017e\u00edv\u00e1n\u00ed kr\u00e9mu Varydex m\u00e1 \u0159adu <em>v\u00fdhod, kter\u00e9<\/em> zlep\u0161uj\u00ed stav nohou a pohodl\u00ed p\u0159i jejich ka\u017edodenn\u00edm pou\u017e\u00edv\u00e1n\u00ed. Mezi hlavn\u00ed <em>\u00fa\u010dinky p\u0159\u00edpravku Varydex<\/em> pat\u0159\u00ed:<\/p>\n\n\n\n<ul class=\"wp-block-list\">\n<li>Zlep\u0161en\u00ed prokrven\u00ed doln\u00edch kon\u010detin, co\u017e vede k men\u0161\u00ed \u00fanav\u011b.<\/li>\n\n\n\n<li>Zpevn\u011bn\u00ed c\u00e9vn\u00ed st\u011bny, co\u017e sni\u017euje riziko vzniku krevn\u00edch sra\u017eenin.<\/li>\n\n\n\n<li>Vn\u00edm\u00e1n\u00ed lehkosti v noh\u00e1ch po dlouh\u00e9m pracovn\u00edm dni.<\/li>\n\n\n\n<li>Sn\u00ed\u017een\u00ed viditelnosti k\u0159e\u010dov\u00fdch \u017eil p\u0159i systematick\u00e9 <em>aplikaci<\/em>.<\/li>\n<\/ul>\n\n\n\n<p>D\u00edky sv\u00fdm p\u0159\u00edrodn\u00edm slo\u017ek\u00e1m m\u00e1 kr\u00e9m Varydex okam\u017eit\u00fd \u00fa\u010dinek a pravideln\u00e9 pou\u017e\u00edv\u00e1n\u00ed umo\u017e\u0148uje dos\u00e1hnout trval\u00fdch v\u00fdsledk\u016f. Vlastnosti, jako je zlep\u0161en\u00ed stavu poko\u017eky a sn\u00ed\u017een\u00ed bolesti, podr\u00e1\u017ed\u011bn\u00ed a sv\u011bd\u011bn\u00ed, znamenaj\u00ed pro z\u00e1kazn\u00edky v\u00fdrazn\u00e9 zlep\u0161en\u00ed kvality \u017eivota. U\u017eivatel\u00e9 oce\u0148uj\u00ed v\u00fdrobek pro jeho \u00fa\u010dinnost a <b>bezpe\u010dnost<\/b>, co\u017e dokl\u00e1daj\u00ed \u010detn\u00e9 pozitivn\u00ed recenze.<\/p>\n\n\n\n<h2 class=\"wp-block-heading\">Jak pou\u017e\u00edvat Varydex? &#8211; D\u00e1vkov\u00e1n\u00ed a doporu\u010den\u00ed<\/h2>\n\n\n\n<p>Varydex je p\u0159\u00edpravek, kter\u00fd lze pou\u017e\u00edt ke zm\u00edrn\u011bn\u00ed p\u0159\u00edznak\u016f spojen\u00fdch s k\u0159e\u010dov\u00fdmi \u017eilami a ke zlep\u0161en\u00ed stavu nohou. Pro dosa\u017een\u00ed nejlep\u0161\u00edch v\u00fdsledk\u016f by m\u011bl b\u00fdt <em>p\u0159\u00edpravek Varydex pou\u017e\u00edv\u00e1n<\/em> v souladu s p\u0159\u00edsn\u00fdmi pokyny.<\/p>\n\n\n\n<p>V prvn\u00ed \u0159ad\u011b je rozhoduj\u00edc\u00ed spr\u00e1vn\u00e9 <em>d\u00e1vkov\u00e1n\u00ed<\/em> p\u0159\u00edpravku. Kr\u00e9m se nan\u00e1\u0161\u00ed v mal\u00e9m mno\u017estv\u00ed na o\u010di\u0161t\u011bnou poko\u017eku nohou. M\u011bl by se jemn\u011b vmas\u00edrovat, co\u017e podporuje lep\u0161\u00ed vst\u0159eb\u00e1v\u00e1n\u00ed \u00fa\u010dinn\u00fdch l\u00e1tek. Doporu\u010duje se aplikovat Varydex alespo\u0148 jednou denn\u011b. V p\u0159\u00edpad\u011b z\u00e1va\u017en\u00fdch p\u0159\u00edznak\u016f lze frekvenci aplikace zv\u00fd\u0161it na n\u011bkolikr\u00e1t denn\u011b.<\/p>\n\n\n\n<p>P\u0159i aplikaci p\u0159\u00edpravku Varydex se vyhn\u011bte aplikaci na otev\u0159en\u00e9 r\u00e1ny a podr\u00e1\u017ed\u011bnou poko\u017eku, proto\u017ee to m\u016f\u017ee v\u00e9st k podr\u00e1\u017ed\u011bn\u00ed a komplikac\u00edm. Je d\u016fle\u017eit\u00e9 dodr\u017eovat v\u0161echna <em>doporu\u010den\u00ed<\/em> v\u00fdrobce, aby se maximalizovala <b>bezpe\u010dnost<\/b> a \u00fa\u010dinnost p\u0159\u00edpravku.<\/p>\n\n\n\n<ul class=\"wp-block-list\">\n<li>P\u0159ed aplikac\u00ed o\u010dist\u011bte poko\u017eku nohou.<\/li>\n\n\n\n<li>Naneste mal\u00e9 mno\u017estv\u00ed kr\u00e9mu.<\/li>\n\n\n\n<li>P\u0159\u00edpravek jemn\u011b vmas\u00edrujte do poko\u017eky.<\/li>\n\n\n\n<li>Aplikujte alespo\u0148 jednou denn\u011b, p\u0159i siln\u00fdch p\u0159\u00edznac\u00edch i v\u00edcekr\u00e1t.<\/li>\n\n\n\n<li>Nepou\u017e\u00edvejte na r\u00e1ny a podr\u00e1\u017ed\u011bn\u00ed.<\/li>\n<\/ul>\n\n\n\n<p>Dodr\u017eov\u00e1n\u00ed v\u00fd\u0161e uveden\u00fdch tip\u016f v\u00e1m jist\u011b pom\u016f\u017ee dos\u00e1hnout uspokojiv\u00fdch v\u00fdsledk\u016f. Pravideln\u00e9 pou\u017e\u00edv\u00e1n\u00ed p\u0159\u00edpravku Varydex pom\u016f\u017ee sn\u00ed\u017eit otoky a bolest, co\u017e ocen\u00ed mnoho lid\u00ed, kte\u0159\u00ed se pot\u00fdkaj\u00ed s probl\u00e9my s k\u0159e\u010dov\u00fdmi \u017eilami.<\/p>\n\n\n\n<h2 class=\"wp-block-heading\">Zku\u0161enosti a recenze u\u017eivatel\u016f Varydexu &#8211; jak\u00e9 jsou recenze?<\/h2>\n\n\n\n<p>Mnoho u\u017eivatel\u016f Varydexu sd\u00edl\u00ed sv\u00e9 pozitivn\u00ed <em>zku\u0161enosti<\/em>. Kr\u00e9m z\u00edsk\u00e1v\u00e1 na popularit\u011b, o \u010dem\u017e sv\u011bd\u010d\u00ed \u010detn\u00e9 <em>recenze Varydexu<\/em>. Ti, kte\u0159\u00ed v\u00fdrobek pou\u017e\u00edvaj\u00ed, poukazuj\u00ed na to, \u017ee jeho \u00fa\u010dinnost a snadn\u00e1 aplikace jsou jeho hlavn\u00edmi v\u00fdhodami.<\/p>\n\n\n\n<blockquote class=\"wp-block-quote is-layout-flow wp-block-quote-is-layout-flow\">\n<p><em>Anna:<\/em> &#8222;Po t\u00fddnu pou\u017e\u00edv\u00e1n\u00ed p\u0159\u00edpravku Varydex jsem zaznamenala v\u00fdrazn\u00e9 zlep\u0161en\u00ed. Nohy jsou leh\u010d\u00ed a otoky zmizely. Doporu\u010dila bych ho ka\u017ed\u00e9mu, kdo m\u00e1 probl\u00e9my s k\u0159e\u010dov\u00fdmi \u017eilami, proto\u017ee opravdu funguje a nevy\u017eaduje slo\u017eitou aplikaci.&#8220;<\/p>\n<\/blockquote>\n\n\n\n<blockquote class=\"wp-block-quote is-layout-flow wp-block-quote-is-layout-flow\">\n<p><em>Marek:<\/em> &#8222;Pou\u017e\u00edval jsem r\u016fzn\u00e9 kr\u00e9my, ale Varydex mi umo\u017enil znovu si u\u017e\u00edvat aktivn\u00edho \u017eivota. \u00dalevu jsem poc\u00edtil ji\u017e po n\u011bkolika dnech. Ne\u010dekal jsem, \u017ee by kr\u00e9m mohl m\u00edt tak \u00fa\u010dinn\u00fd vliv na mou pohodu.&#8220;<\/p>\n<\/blockquote>\n\n\n\n<blockquote class=\"wp-block-quote is-layout-flow wp-block-quote-is-layout-flow\">\n<p><em>Paulina:<\/em> &#8222;Pro m\u011b je tento kr\u00e9m objevem. Snadno se nan\u00e1\u0161\u00ed a opravdu funguje. Moje nohy vypadaj\u00ed mnohem l\u00e9pe a c\u00edt\u00edm se l\u00e9pe. Vrac\u00edm se k \u010dinnostem, kter\u00e9 pro m\u011b byly p\u0159edt\u00edm obt\u00ed\u017en\u00e9.&#8220;<\/p>\n<\/blockquote>\n\n\n\n<p>Tyto recenze ukazuj\u00ed, \u017ee pravideln\u00e9 pou\u017e\u00edv\u00e1n\u00ed Varydexu p\u0159in\u00e1\u0161\u00ed hmatateln\u00e9 <b>v\u00fdhody<\/b>. V <em>recenz\u00edch<\/em> se \u010dasto zd\u016fraz\u0148uje, \u017ee k jeho \u00fa\u010dinnosti p\u0159isp\u00edvaj\u00ed <b>p\u0159\u00edrodn\u00ed slo\u017eky<\/b>, a relativn\u011b n\u00edzk\u00e1 cena v pom\u011bru ke kvalit\u011b buduje jeho pozitivn\u00ed pov\u011bst na trhu. Stoj\u00ed za zm\u00ednku, \u017ee 72 % \u017een se pot\u00fdk\u00e1 s probl\u00e9my souvisej\u00edc\u00edmi s \u017eiln\u00ed nedostate\u010dnost\u00ed, tak\u017ee Varydex je d\u016fle\u017eitou podporou v boji proti t\u011bmto onemocn\u011bn\u00edm.<\/p>\n\n\n\n<h2 class=\"wp-block-heading\">Varydex &#8211; Slo\u017een\u00ed<\/h2>\n\n\n\n<p>Varydex se vyzna\u010duje jedine\u010dn\u00fdm <em>slo\u017een\u00edm Varydex<\/em>, kter\u00e9 je zalo\u017eeno na <em>p\u0159\u00edrodn\u00edch slo\u017ek\u00e1ch<\/em> \u00fa\u010dinn\u011b p\u016fsob\u00edc\u00edch na zdrav\u00ed nohou. Kl\u00ed\u010dov\u00e9 <em>rostlinn\u00e9 v\u00fdta\u017eky<\/em> obsa\u017een\u00e9 v kr\u00e9mu jsou:<\/p>\n\n\n\n<ul class=\"wp-block-list\">\n<li><strong>Extrakt z ko\u0148sk\u00e9ho ka\u0161tanu<\/strong> &#8211; posiluje c\u00e9vy a zlep\u0161uje krevn\u00ed ob\u011bh, co\u017e je kl\u00ed\u010dov\u00e9 pro lidi s \u017eiln\u00edmi probl\u00e9my.<\/li>\n\n\n\n<li><strong>Extrakt z jinanu dvoulalo\u010dn\u00e9ho<\/strong> &#8211; zn\u00e1m\u00fd pro sv\u00e9 protiz\u00e1n\u011btliv\u00e9 \u00fa\u010dinky, podporuje p\u0159irozenou obnovu \u017eil.<\/li>\n\n\n\n<li><strong>Extrakt z kv\u011bt\u016f he\u0159m\u00e1nku<\/strong> &#8211; m\u00e1 zklid\u0148uj\u00edc\u00ed \u00fa\u010dinek, odstra\u0148uje z\u00e1n\u011bty a otoky nohou.<\/li>\n\n\n\n<li><strong>Mentol a kafr<\/strong> &#8211; poskytuj\u00ed \u00falevu od bolesti a chlazen\u00ed pro pohodln\u00e9 pou\u017e\u00edv\u00e1n\u00ed.<\/li>\n\n\n\n<li><strong>Kyselina salicylov\u00e1<\/strong> &#8211; podporuje regenera\u010dn\u00ed procesy poko\u017eky.<\/li>\n<\/ul>\n\n\n\n<p><b>Slo\u017een\u00ed p\u0159\u00edpravku Varydex<\/b> obsahuje tak\u00e9 dal\u0161\u00ed d\u016fle\u017eit\u00e9 slo\u017eky, jako je s\u00edra, hyaluronan a glukonolakton, kter\u00e9 pom\u00e1haj\u00ed zlep\u0161ovat pru\u017enost c\u00e9v a celkov\u00fd stav poko\u017eky. D\u00edky t\u011bmto <em>p\u0159\u00edrodn\u00edm slo\u017ek\u00e1m<\/em> lze Varydex pou\u017e\u00edvat jako prevenci i jako relaxa\u010dn\u00ed prost\u0159edek pro ty, kte\u0159\u00ed se pot\u00fdkaj\u00ed se st\u00e1vaj\u00edc\u00edmi \u017eiln\u00edmi probl\u00e9my.<\/p>\n\n\n\n<p>U\u017eivatel\u00e9 si mohou v\u0161imnout, \u017ee pravideln\u00e9 pou\u017e\u00edv\u00e1n\u00ed kr\u00e9mu vede ke sn\u00ed\u017een\u00ed v\u00fdskytu pavou\u010d\u00edch \u017eilek a zm\u00edrn\u011bn\u00ed dal\u0161\u00edch p\u0159\u00edznak\u016f, jako je bolest a pocit t\u00edhy v nohou, co\u017e z p\u0159\u00edpravku Varydex \u010din\u00ed \u00fa\u010dinnou volbu v boji proti c\u00e9vn\u00edm probl\u00e9m\u016fm.<\/p>\n\n\n\n<h2 class=\"wp-block-heading\">Varydex cena &#8211; Kde koupit?<\/h2>\n\n\n\n<p>Varydex lze zakoupit pouze na ofici\u00e1ln\u00edch <em>str\u00e1nk\u00e1ch v\u00fdrobce<\/em>. N\u00e1kup zde zaru\u010duje originalitu v\u00fdrobku a mo\u017enost z\u00edsk\u00e1n\u00ed aktu\u00e1ln\u00edch akc\u00ed. Ceny Varydex se mohou li\u0161it v z\u00e1vislosti na dostupn\u00fdch nab\u00eddk\u00e1ch, proto stoj\u00ed za to pravideln\u011b kontrolovat webov\u00e9 str\u00e1nky v\u00fdrobce, abyste vyu\u017eili nejv\u00fdhodn\u011bj\u0161\u00ed nab\u00eddky.<\/p>\n\n\n\n<p>Z\u00e1kazn\u00edci \u010dasto hledaj\u00ed informace o tom, <em>kde<\/em> tento produkt <em>koupit,<\/em> a proto je d\u016fle\u017eit\u00e9 poznamenat, \u017ee Varydex nen\u00ed k dispozici ve stacion\u00e1rn\u00edch l\u00e9k\u00e1rn\u00e1ch. Rozhodnete-li se pro n\u00e1kup online, m\u016f\u017eete se vyhnout riziku n\u00e1kupu pad\u011blan\u00fdch v\u00fdrobk\u016f, kter\u00e9 mohou b\u00fdt nab\u00edzeny na auk\u010dn\u00edch str\u00e1nk\u00e1ch.<\/p>\n\n\n\n<p>Zji\u0161t\u011bn\u00ed informac\u00ed o <em>cen\u00e1ch<\/em> a propaga\u010dn\u00edch akc\u00edch <em>Varydexu<\/em> jist\u011b usnadn\u00ed pozitivn\u00ed rozhodnut\u00ed o n\u00e1kupu. V\u00fdb\u011br <em>ofici\u00e1ln\u00edho v\u00fdrobce<\/em> je z\u00e1sadn\u00ed pro zaji\u0161t\u011bn\u00ed kvality a terapeutick\u00fdch \u00fa\u010dink\u016f, kter\u00e9 o\u010dek\u00e1v\u00e1me.<\/p>\n\n\n\n<h2 class=\"wp-block-heading\">Varydex &#8211; Ne\u017e\u00e1douc\u00ed \u00fa\u010dinky a kontraindikace &#8211; Je bezpe\u010dn\u00fd?<\/h2>\n\n\n\n<p>Kr\u00e9m Varydex je cen\u011bn pro sv\u00e9 <b>p\u0159\u00edrodn\u00ed slo\u017eky<\/b>, kter\u00e9 p\u0159isp\u00edvaj\u00ed k jeho vysok\u00e9 bezpe\u010dnosti p\u0159i pou\u017e\u00edv\u00e1n\u00ed. Z hlediska ne\u017e\u00e1douc\u00edch \u00fa\u010dink\u016f je hl\u00e1\u0161eno pouze drobn\u00e9 podr\u00e1\u017ed\u011bn\u00ed k\u016f\u017ee u osob s p\u0159ecitliv\u011blost\u00ed na ur\u010dit\u00e9 slo\u017eky. Je v\u0161ak t\u0159eba m\u00edt na pam\u011bti, \u017ee <b>bezpe\u010dnost p\u0159\u00edpravku<\/b> Varydex z\u00e1vis\u00ed tak\u00e9 na individu\u00e1ln\u00edch predispozic\u00edch u\u017eivatele.<\/p>\n\n\n\n<p>P\u0159ed pou\u017eit\u00edm p\u0159\u00edpravku Varydex je d\u016fle\u017eit\u00e9 poradit se s l\u00e9ka\u0159em, zejm\u00e9na u osob s ji\u017e existuj\u00edc\u00edmi zdravotn\u00edmi pot\u00ed\u017eemi. Mezi <b>kontraindikace<\/b> pou\u017eit\u00ed kr\u00e9mu pat\u0159\u00ed otev\u0159en\u00e9 r\u00e1ny a alergie na n\u011bkterou slo\u017eku p\u0159\u00edpravku. D\u00edky t\u011bmto opat\u0159en\u00edm lze minimalizovat riziko mo\u017en\u00fdch probl\u00e9m\u016f spojen\u00fdch s pou\u017e\u00edv\u00e1n\u00edm p\u0159\u00edpravku.<\/p>\n\n\n\n<p>Z\u00e1v\u011brem lze \u0159\u00edci, \u017ee Varydex je produkt, kter\u00fd m\u00e1 d\u00edky sv\u00e9mu p\u0159\u00edrodn\u00edmu slo\u017een\u00ed n\u00edzkou tendenci vyvol\u00e1vat vedlej\u0161\u00ed \u00fa\u010dinky, co\u017e z n\u011bj \u010din\u00ed atraktivn\u00ed \u0159e\u0161en\u00ed pro ty, kte\u0159\u00ed trp\u00ed k\u0159e\u010dov\u00fdmi \u017eilami. Nakonec p\u0159ed jeho pou\u017eit\u00edm stoj\u00ed za to ujistit se o jeho bezpe\u010dnosti a zkontrolovat p\u0159\u00edpadn\u00e9 <b>kontraindikace<\/b> pro vlastn\u00ed pohodl\u00ed a zdrav\u00ed.<\/p>\n","protected":false},"excerpt":{"rendered":"<p><strong>[date_countdown]<\/strong><\/p>\n<p><strong><img decoding=\"async\" class=\"alignnone wp-image-8078\" src=\"https:\/\/www.mojeplazma.cz\/farmacie\/wp-content\/uploads\/2024\/10\/SAFE-PAY-300x88-1.png\" alt=\"SAFE-PAY-300x88\" width=\"154\" height=\"45\" \/><\/strong><\/p>\n","protected":false},"featured_media":8256,"comment_status":"open","ping_status":"closed","template":"","meta":{"neve_meta_sidebar":"","neve_meta_container":"","neve_meta_enable_content_width":"","neve_meta_content_width":0,"neve_meta_title_alignment":"","neve_meta_author_avatar":"","neve_post_elements_order":"","neve_meta_disable_header":"","neve_meta_disable_footer":"","neve_meta_disable_title":"","neve_meta_reading_time":""},"product_brand":[],"product_cat":[15],"product_tag":[],"class_list":{"0":"post-8255","1":"product","2":"type-product","3":"status-publish","4":"has-post-thumbnail","6":"product_cat-zdravi","8":"first","9":"instock","10":"sale","11":"shipping-taxable","12":"product-type-external"},"yoast_head":"<!-- This site is optimized with the Yoast SEO plugin v27.3 - https:\/\/yoast.com\/product\/yoast-seo-wordpress\/ -->\n<title>Varydex - Recenze, L\u00e9k\u00e1rna, Cena - 50%, F\u00f3rum, \u00da\u010dinky | 2026<\/title>\n<meta name=\"robots\" content=\"index, follow, max-snippet:-1, max-image-preview:large, max-video-preview:-1\" \/>\n<link rel=\"canonical\" href=\"https:\/\/www.mojeplazma.cz\/farmacie\/farmacie\/varydex\/\" \/>\n<meta property=\"og:locale\" content=\"cs_CZ\" \/>\n<meta property=\"og:type\" content=\"article\" \/>\n<meta property=\"og:title\" content=\"Varydex - Recenze, L\u00e9k\u00e1rna, Cena - 50%, F\u00f3rum, \u00da\u010dinky | 2026\" \/>\n<meta property=\"og:url\" content=\"https:\/\/www.mojeplazma.cz\/farmacie\/farmacie\/varydex\/\" \/>\n<meta property=\"og:site_name\" content=\"MojePlazma\" \/>\n<meta property=\"article:modified_time\" content=\"2024-12-14T14:31:14+00:00\" \/>\n<meta property=\"og:image\" content=\"https:\/\/www.mojeplazma.cz\/farmacie\/wp-content\/uploads\/2024\/12\/Varydex.png\" \/>\n\t<meta property=\"og:image:width\" content=\"768\" \/>\n\t<meta property=\"og:image:height\" content=\"768\" \/>\n\t<meta property=\"og:image:type\" content=\"image\/png\" \/>\n<meta name=\"twitter:card\" content=\"summary_large_image\" \/>\n<meta name=\"twitter:description\" content=\"[date_countdown]\" \/>\n<meta name=\"twitter:label1\" content=\"Odhadovan\u00e1 doba \u010dten\u00ed\" \/>\n\t<meta name=\"twitter:data1\" content=\"1 minuta\" \/>\n<script type=\"application\/ld+json\" class=\"yoast-schema-graph\">{\"@context\":\"https:\\\/\\\/schema.org\",\"@graph\":[{\"@type\":\"WebPage\",\"@id\":\"https:\\\/\\\/www.mojeplazma.cz\\\/farmacie\\\/farmacie\\\/varydex\\\/\",\"url\":\"https:\\\/\\\/www.mojeplazma.cz\\\/farmacie\\\/farmacie\\\/varydex\\\/\",\"name\":\"Varydex - Recenze, L\u00e9k\u00e1rna, Cena - 50%, F\u00f3rum, \u00da\u010dinky | 2026\",\"isPartOf\":{\"@id\":\"https:\\\/\\\/www.mojeplazma.cz\\\/farmacie\\\/#website\"},\"primaryImageOfPage\":{\"@id\":\"https:\\\/\\\/www.mojeplazma.cz\\\/farmacie\\\/farmacie\\\/varydex\\\/#primaryimage\"},\"image\":{\"@id\":\"https:\\\/\\\/www.mojeplazma.cz\\\/farmacie\\\/farmacie\\\/varydex\\\/#primaryimage\"},\"thumbnailUrl\":\"https:\\\/\\\/www.mojeplazma.cz\\\/farmacie\\\/wp-content\\\/uploads\\\/2024\\\/12\\\/Varydex.png\",\"datePublished\":\"2024-12-14T14:31:13+00:00\",\"dateModified\":\"2024-12-14T14:31:14+00:00\",\"breadcrumb\":{\"@id\":\"https:\\\/\\\/www.mojeplazma.cz\\\/farmacie\\\/farmacie\\\/varydex\\\/#breadcrumb\"},\"inLanguage\":\"cs\",\"potentialAction\":[{\"@type\":\"ReadAction\",\"target\":[\"https:\\\/\\\/www.mojeplazma.cz\\\/farmacie\\\/farmacie\\\/varydex\\\/\"]}]},{\"@type\":\"ImageObject\",\"inLanguage\":\"cs\",\"@id\":\"https:\\\/\\\/www.mojeplazma.cz\\\/farmacie\\\/farmacie\\\/varydex\\\/#primaryimage\",\"url\":\"https:\\\/\\\/www.mojeplazma.cz\\\/farmacie\\\/wp-content\\\/uploads\\\/2024\\\/12\\\/Varydex.png\",\"contentUrl\":\"https:\\\/\\\/www.mojeplazma.cz\\\/farmacie\\\/wp-content\\\/uploads\\\/2024\\\/12\\\/Varydex.png\",\"width\":768,\"height\":768,\"caption\":\"Varydex\"},{\"@type\":\"BreadcrumbList\",\"@id\":\"https:\\\/\\\/www.mojeplazma.cz\\\/farmacie\\\/farmacie\\\/varydex\\\/#breadcrumb\",\"itemListElement\":[{\"@type\":\"ListItem\",\"position\":1,\"name\":\"Strona g\u0142\u00f3wna\",\"item\":\"https:\\\/\\\/www.mojeplazma.cz\\\/farmacie\\\/\"},{\"@type\":\"ListItem\",\"position\":2,\"name\":\"farmacie\",\"item\":\"https:\\\/\\\/www.mojeplazma.cz\\\/farmacie\\\/\"},{\"@type\":\"ListItem\",\"position\":3,\"name\":\"Varydex\"}]},{\"@type\":\"WebSite\",\"@id\":\"https:\\\/\\\/www.mojeplazma.cz\\\/farmacie\\\/#website\",\"url\":\"https:\\\/\\\/www.mojeplazma.cz\\\/farmacie\\\/\",\"name\":\"mojeplazma.cz\",\"description\":\"\",\"potentialAction\":[{\"@type\":\"SearchAction\",\"target\":{\"@type\":\"EntryPoint\",\"urlTemplate\":\"https:\\\/\\\/www.mojeplazma.cz\\\/farmacie\\\/?s={search_term_string}\"},\"query-input\":{\"@type\":\"PropertyValueSpecification\",\"valueRequired\":true,\"valueName\":\"search_term_string\"}}],\"inLanguage\":\"cs\"}]}<\/script>\n<!-- \/ Yoast SEO plugin. -->","yoast_head_json":{"title":"Varydex - Recenze, L\u00e9k\u00e1rna, Cena - 50%, F\u00f3rum, \u00da\u010dinky | 2026","robots":{"index":"index","follow":"follow","max-snippet":"max-snippet:-1","max-image-preview":"max-image-preview:large","max-video-preview":"max-video-preview:-1"},"canonical":"https:\/\/www.mojeplazma.cz\/farmacie\/farmacie\/varydex\/","og_locale":"cs_CZ","og_type":"article","og_title":"Varydex - Recenze, L\u00e9k\u00e1rna, Cena - 50%, F\u00f3rum, \u00da\u010dinky | 2026","og_url":"https:\/\/www.mojeplazma.cz\/farmacie\/farmacie\/varydex\/","og_site_name":"MojePlazma","article_modified_time":"2024-12-14T14:31:14+00:00","og_image":[{"width":768,"height":768,"url":"https:\/\/www.mojeplazma.cz\/farmacie\/wp-content\/uploads\/2024\/12\/Varydex.png","type":"image\/png"}],"twitter_card":"summary_large_image","twitter_description":"[date_countdown]","twitter_misc":{"Odhadovan\u00e1 doba \u010dten\u00ed":"1 minuta"},"schema":{"@context":"https:\/\/schema.org","@graph":[{"@type":"WebPage","@id":"https:\/\/www.mojeplazma.cz\/farmacie\/farmacie\/varydex\/","url":"https:\/\/www.mojeplazma.cz\/farmacie\/farmacie\/varydex\/","name":"Varydex - Recenze, L\u00e9k\u00e1rna, Cena - 50%, F\u00f3rum, \u00da\u010dinky | 2026","isPartOf":{"@id":"https:\/\/www.mojeplazma.cz\/farmacie\/#website"},"primaryImageOfPage":{"@id":"https:\/\/www.mojeplazma.cz\/farmacie\/farmacie\/varydex\/#primaryimage"},"image":{"@id":"https:\/\/www.mojeplazma.cz\/farmacie\/farmacie\/varydex\/#primaryimage"},"thumbnailUrl":"https:\/\/www.mojeplazma.cz\/farmacie\/wp-content\/uploads\/2024\/12\/Varydex.png","datePublished":"2024-12-14T14:31:13+00:00","dateModified":"2024-12-14T14:31:14+00:00","breadcrumb":{"@id":"https:\/\/www.mojeplazma.cz\/farmacie\/farmacie\/varydex\/#breadcrumb"},"inLanguage":"cs","potentialAction":[{"@type":"ReadAction","target":["https:\/\/www.mojeplazma.cz\/farmacie\/farmacie\/varydex\/"]}]},{"@type":"ImageObject","inLanguage":"cs","@id":"https:\/\/www.mojeplazma.cz\/farmacie\/farmacie\/varydex\/#primaryimage","url":"https:\/\/www.mojeplazma.cz\/farmacie\/wp-content\/uploads\/2024\/12\/Varydex.png","contentUrl":"https:\/\/www.mojeplazma.cz\/farmacie\/wp-content\/uploads\/2024\/12\/Varydex.png","width":768,"height":768,"caption":"Varydex"},{"@type":"BreadcrumbList","@id":"https:\/\/www.mojeplazma.cz\/farmacie\/farmacie\/varydex\/#breadcrumb","itemListElement":[{"@type":"ListItem","position":1,"name":"Strona g\u0142\u00f3wna","item":"https:\/\/www.mojeplazma.cz\/farmacie\/"},{"@type":"ListItem","position":2,"name":"farmacie","item":"https:\/\/www.mojeplazma.cz\/farmacie\/"},{"@type":"ListItem","position":3,"name":"Varydex"}]},{"@type":"WebSite","@id":"https:\/\/www.mojeplazma.cz\/farmacie\/#website","url":"https:\/\/www.mojeplazma.cz\/farmacie\/","name":"mojeplazma.cz","description":"","potentialAction":[{"@type":"SearchAction","target":{"@type":"EntryPoint","urlTemplate":"https:\/\/www.mojeplazma.cz\/farmacie\/?s={search_term_string}"},"query-input":{"@type":"PropertyValueSpecification","valueRequired":true,"valueName":"search_term_string"}}],"inLanguage":"cs"}]}},"_links":{"self":[{"href":"https:\/\/www.mojeplazma.cz\/farmacie\/wp-json\/wp\/v2\/product\/8255","targetHints":{"allow":["GET"]}}],"collection":[{"href":"https:\/\/www.mojeplazma.cz\/farmacie\/wp-json\/wp\/v2\/product"}],"about":[{"href":"https:\/\/www.mojeplazma.cz\/farmacie\/wp-json\/wp\/v2\/types\/product"}],"replies":[{"embeddable":true,"href":"https:\/\/www.mojeplazma.cz\/farmacie\/wp-json\/wp\/v2\/comments?post=8255"}],"wp:featuredmedia":[{"embeddable":true,"href":"https:\/\/www.mojeplazma.cz\/farmacie\/wp-json\/wp\/v2\/media\/8256"}],"wp:attachment":[{"href":"https:\/\/www.mojeplazma.cz\/farmacie\/wp-json\/wp\/v2\/media?parent=8255"}],"wp:term":[{"taxonomy":"product_brand","embeddable":true,"href":"https:\/\/www.mojeplazma.cz\/farmacie\/wp-json\/wp\/v2\/product_brand?post=8255"},{"taxonomy":"product_cat","embeddable":true,"href":"https:\/\/www.mojeplazma.cz\/farmacie\/wp-json\/wp\/v2\/product_cat?post=8255"},{"taxonomy":"product_tag","embeddable":true,"href":"https:\/\/www.mojeplazma.cz\/farmacie\/wp-json\/wp\/v2\/product_tag?post=8255"}],"curies":[{"name":"wp","href":"https:\/\/api.w.org\/{rel}","templated":true}]}}